Last updated on 2024-05-08 04:49:25 CEST.
Flavor | Version | Tinstall | Tcheck | Ttotal | Status | Flags |
---|---|---|---|---|---|---|
r-devel-linux-x86_64-debian-clang | 1.8.1 | 64.85 | 63.38 | 128.23 | NOTE | |
r-devel-linux-x86_64-debian-gcc | 1.8.1 | 55.21 | 47.81 | 103.02 | NOTE | |
r-devel-linux-x86_64-fedora-clang | 1.8.1 | 170.93 | NOTE | |||
r-devel-linux-x86_64-fedora-gcc | 1.8.1 | 194.06 | NOTE | |||
r-devel-windows-x86_64 | 1.8.1 | 56.00 | 67.00 | 123.00 | NOTE | |
r-patched-linux-x86_64 | 1.8.1 | 60.17 | 58.74 | 118.91 | NOTE | |
r-release-linux-x86_64 | 1.8.1 | 64.87 | 59.26 | 124.13 | NOTE | |
r-release-macos-arm64 | 1.8.1 | 62.00 | NOTE | |||
r-release-windows-x86_64 | 1.8.1 | 56.00 | 69.00 | 125.00 | NOTE | |
r-oldrel-macos-arm64 | 1.8.1 | 69.00 | NOTE | |||
r-oldrel-macos-x86_64 | 1.8.1 | 127.00 | NOTE | |||
r-oldrel-windows-x86_64 | 1.8.1 | 74.00 | 76.00 | 150.00 | OK |
Version: 1.8.1
Check: Rd files
Result: NOTE
checkRd: (-1) cities_lon_lat.Rd:6: Lost braces
6 | A subset of world.cities{maps}. Extracted in order to shink number of dependencies.
| ^
Flavors: r-devel-linux-x86_64-debian-clang, r-devel-linux-x86_64-debian-gcc, r-devel-linux-x86_64-fedora-clang, r-devel-linux-x86_64-fedora-gcc, r-devel-windows-x86_64, r-patched-linux-x86_64, r-release-linux-x86_64, r-release-macos-arm64, r-release-windows-x86_64
Version: 1.8.1
Check: data for non-ASCII characters
Result: NOTE
Note: found 1122 marked UTF-8 strings
Flavors: r-devel-linux-x86_64-fedora-clang, r-devel-linux-x86_64-fedora-gcc
Version: 1.8.1
Check: installed package size
Result: NOTE
installed size is 5.3Mb
sub-directories of 1Mb or more:
data 5.1Mb
Flavors: r-release-macos-arm64, r-oldrel-macos-arm64, r-oldrel-macos-x86_64