CRAN Package Check Results for Package SimHaz

Last updated on 2025-05-28 21:50:23 CEST.

Flavor Version Tinstall Tcheck Ttotal Status Flags
r-devel-linux-x86_64-debian-clang 0.1 6.34 56.09 62.43 NOTE
r-devel-linux-x86_64-debian-gcc 0.1 4.97 42.12 47.09 NOTE
r-devel-linux-x86_64-fedora-clang 0.1 95.57 NOTE
r-devel-linux-x86_64-fedora-gcc 0.1 82.24 NOTE
r-devel-windows-x86_64 0.1 7.00 69.00 76.00 OK
r-patched-linux-x86_64 0.1 6.16 52.72 58.88 NOTE
r-release-linux-x86_64 0.1 6.25 54.47 60.72 NOTE
r-release-macos-arm64 0.1 36.00 OK
r-release-macos-x86_64 0.1 54.00 OK
r-release-windows-x86_64 0.1 7.00 72.00 79.00 OK
r-oldrel-macos-arm64 0.1 31.00 OK
r-oldrel-macos-x86_64 0.1 48.00 OK
r-oldrel-windows-x86_64 0.1 9.00 83.00 92.00 OK

Check Details

Version: 0.1
Check: CRAN incoming feasibility
Result: NOTE Maintainer: ‘Nusrat Rabbee <rabbee@berkeley.edu>’ No Authors@R field in DESCRIPTION. Please add one, modifying Authors@R: c(person(given = "Danyi", family = "Xiong", role = "aut"), person(given = "Teeranan", family = "Pokaprakarn", role = "aut"), person(given = "Hiroto", family = "Udagawa", role = "aut"), person(given = "Nusrat", family = "Rabbee", role = c("aut", "cre"), email = "rabbee@berkeley.edu")) as necessary. Flavors: r-devel-linux-x86_64-debian-clang, r-devel-linux-x86_64-debian-gcc

Version: 0.1
Check: for non-standard things in the check directory
Result: NOTE Found the following files/directories: ‘database.csv’ ‘output.csv’ ‘output_clst.csv’ Flavors: r-devel-linux-x86_64-debian-clang, r-devel-linux-x86_64-debian-gcc, r-devel-linux-x86_64-fedora-clang, r-devel-linux-x86_64-fedora-gcc, r-patched-linux-x86_64, r-release-linux-x86_64