CRAN Package Check Results for Package SimDissolution

Last updated on 2025-11-24 07:50:15 CET.

Flavor Version Tinstall Tcheck Ttotal Status Flags
r-devel-linux-x86_64-debian-clang 0.1.0 4.95 40.99 45.94 NOTE
r-devel-linux-x86_64-debian-gcc 0.1.0 3.12 30.62 33.74 NOTE
r-devel-linux-x86_64-fedora-clang 0.1.0 14.00 57.17 71.17 OK
r-devel-windows-x86_64 0.1.0 8.00 58.00 66.00 OK
r-patched-linux-x86_64 0.1.0 4.54 38.69 43.23 OK
r-release-linux-x86_64 0.1.0 3.38 39.36 42.74 OK
r-release-macos-arm64 0.1.0 OK
r-release-macos-x86_64 0.1.0 3.00 47.00 50.00 OK
r-release-windows-x86_64 0.1.0 7.00 77.00 84.00 OK
r-oldrel-macos-arm64 0.1.0 OK
r-oldrel-macos-x86_64 0.1.0 3.00 32.00 35.00 OK
r-oldrel-windows-x86_64 0.1.0 8.00 67.00 75.00 OK

Check Details

Version: 0.1.0
Check: CRAN incoming feasibility
Result: NOTE Maintainer: ‘Kathrin Moellenhoff <kathrin.moellenhoff@rub.de>’ No Authors@R field in DESCRIPTION. Please add one, modifying Authors@R: person(given = "Kathrin", family = "Moellenhoff", role = c("aut", "cre"), email = "kathrin.moellenhoff@rub.de") as necessary. Flavors: r-devel-linux-x86_64-debian-clang, r-devel-linux-x86_64-debian-gcc