Last updated on 2025-11-23 18:49:43 CET.
| Flavor | Version | Tinstall | Tcheck | Ttotal | Status | Flags |
|---|---|---|---|---|---|---|
| r-devel-linux-x86_64-debian-clang | 1.0.1 | 6.62 | 53.94 | 60.56 | NOTE | |
| r-devel-linux-x86_64-debian-gcc | 1.0.1 | 4.82 | 42.13 | 46.95 | NOTE | |
| r-devel-linux-x86_64-fedora-clang | 1.0.1 | 12.00 | 78.94 | 90.94 | OK | |
| r-devel-windows-x86_64 | 1.0.1 | 7.00 | 68.00 | 75.00 | OK | |
| r-patched-linux-x86_64 | 1.0.1 | 5.19 | 51.89 | 57.08 | OK | |
| r-release-linux-x86_64 | 1.0.1 | 5.51 | 52.17 | 57.68 | OK | |
| r-release-macos-arm64 | 1.0.1 | OK | ||||
| r-release-macos-x86_64 | 1.0.1 | 7.00 | 49.00 | 56.00 | OK | |
| r-release-windows-x86_64 | 1.0.1 | 7.00 | 88.00 | 95.00 | OK | |
| r-oldrel-macos-arm64 | 1.0.1 | OK | ||||
| r-oldrel-macos-x86_64 | 1.0.1 | 7.00 | 38.00 | 45.00 | OK | |
| r-oldrel-windows-x86_64 | 1.0.1 | 8.00 | 78.00 | 86.00 | OK |
Version: 1.0.1
Check: CRAN incoming feasibility
Result: NOTE
Maintainer: ‘Qi Zhang <karlmzhang@gmail.com>’
No Authors@R field in DESCRIPTION.
Please add one, modifying
Authors@R: c(person(given = "Pengsheng",
family = "Ji",
role = "aut"),
person(given = "Jiashun",
family = "Jin",
role = "aut"),
person(given = "Qi",
family = "Zhang",
role = c("aut", "cre"),
email = "karlmzhang@gmail.com"))
as necessary.
Flavors: r-devel-linux-x86_64-debian-clang, r-devel-linux-x86_64-debian-gcc