Last updated on 2024-05-10 00:55:22 CEST.
Flavor | Version | Tinstall | Tcheck | Ttotal | Status | Flags |
---|---|---|---|---|---|---|
r-devel-linux-x86_64-debian-clang | 0.2.1 | 41.14 | 30.43 | 71.57 | NOTE | |
r-devel-linux-x86_64-debian-gcc | 0.2.1 | 26.84 | 23.38 | 50.22 | NOTE | |
r-devel-linux-x86_64-fedora-clang | 0.2.1 | 97.66 | NOTE | |||
r-devel-linux-x86_64-fedora-gcc | 0.2.1 | 140.87 | NOTE | |||
r-devel-windows-x86_64 | 0.2.1 | 30.00 | 61.00 | 91.00 | NOTE | |
r-patched-linux-x86_64 | 0.2.1 | 33.51 | 29.24 | 62.75 | NOTE | |
r-release-linux-x86_64 | 0.2.1 | 37.59 | 29.57 | 67.16 | NOTE | |
r-release-macos-arm64 | 0.2.1 | 26.00 | NOTE | |||
r-release-windows-x86_64 | 0.2.1 | 29.00 | 60.00 | 89.00 | NOTE | |
r-oldrel-macos-arm64 | 0.2.1 | 28.00 | NOTE | |||
r-oldrel-macos-x86_64 | 0.2.1 | 45.00 | NOTE | |||
r-oldrel-windows-x86_64 | 0.2.1 | 37.00 | 69.00 | 106.00 | NOTE |
Version: 0.2.1
Check: C++ specification
Result: NOTE
Specified C++11: please drop specification unless essential
Flavors: r-devel-linux-x86_64-debian-clang, r-devel-linux-x86_64-debian-gcc, r-devel-linux-x86_64-fedora-clang, r-devel-linux-x86_64-fedora-gcc, r-devel-windows-x86_64, r-patched-linux-x86_64, r-release-linux-x86_64, r-release-macos-arm64, r-release-windows-x86_64, r-oldrel-macos-arm64, r-oldrel-macos-x86_64, r-oldrel-windows-x86_64
Version: 0.2.1
Check: package subdirectories
Result: NOTE
Problems with news in ‘NEWS.md’:
No news entries found.
Flavors: r-devel-linux-x86_64-debian-clang, r-devel-linux-x86_64-debian-gcc, r-devel-linux-x86_64-fedora-clang, r-devel-linux-x86_64-fedora-gcc, r-devel-windows-x86_64, r-patched-linux-x86_64, r-release-linux-x86_64, r-release-macos-arm64, r-release-windows-x86_64, r-oldrel-macos-arm64, r-oldrel-macos-x86_64, r-oldrel-windows-x86_64
Version: 0.2.1
Check: dependencies in R code
Result: NOTE
Namespace in Imports field not imported from: ‘MASS’
All declared Imports should be used.
Flavors: r-devel-linux-x86_64-fedora-clang, r-devel-linux-x86_64-fedora-gcc