Last updated on 2025-07-05 03:48:50 CEST.
Flavor | Version | Tinstall | Tcheck | Ttotal | Status | Flags |
---|---|---|---|---|---|---|
r-devel-linux-x86_64-debian-clang | 1.2 | 23.91 | 23.69 | 47.60 | NOTE | |
r-devel-linux-x86_64-debian-gcc | 1.2 | 16.15 | 19.56 | 35.71 | NOTE | |
r-devel-linux-x86_64-fedora-clang | 1.2 | 85.87 | NOTE | |||
r-devel-linux-x86_64-fedora-gcc | 1.2 | 79.90 | NOTE | |||
r-devel-windows-x86_64 | 1.2 | 27.00 | 64.00 | 91.00 | NOTE | |
r-patched-linux-x86_64 | 1.2 | 23.10 | 22.43 | 45.53 | NOTE | |
r-release-linux-x86_64 | 1.2 | 21.27 | 21.97 | 43.24 | NOTE | |
r-release-macos-arm64 | 1.2 | 27.00 | NOTE | |||
r-release-macos-x86_64 | 1.2 | 51.00 | NOTE | |||
r-release-windows-x86_64 | 1.2 | 28.00 | 65.00 | 93.00 | NOTE | |
r-oldrel-macos-arm64 | 1.2 | 25.00 | NOTE | |||
r-oldrel-macos-x86_64 | 1.2 | 34.00 | NOTE | |||
r-oldrel-windows-x86_64 | 1.2 | 33.00 | 76.00 | 109.00 | NOTE |
Version: 1.2
Check: C++ specification
Result: NOTE
Specified C++11: please drop specification unless essential
Flavors: r-devel-linux-x86_64-debian-clang, r-devel-linux-x86_64-debian-gcc, r-devel-linux-x86_64-fedora-clang, r-devel-linux-x86_64-fedora-gcc, r-devel-windows-x86_64, r-patched-linux-x86_64, r-release-linux-x86_64, r-release-macos-arm64, r-release-macos-x86_64, r-release-windows-x86_64, r-oldrel-macos-arm64, r-oldrel-macos-x86_64, r-oldrel-windows-x86_64