CRAN Package Check Results for Package SPEDInstabR

Last updated on 2025-07-04 12:49:13 CEST.

Flavor Version Tinstall Tcheck Ttotal Status Flags
r-devel-linux-x86_64-debian-clang 2.2 2.67 33.45 36.12 NOTE
r-devel-linux-x86_64-debian-gcc 2.2 1.82 24.60 26.42 NOTE
r-devel-linux-x86_64-fedora-clang 2.2 54.70 OK
r-devel-linux-x86_64-fedora-gcc 2.2 55.82 OK
r-devel-windows-x86_64 2.2 5.00 50.00 55.00 OK
r-patched-linux-x86_64 2.2 2.73 32.34 35.07 OK
r-release-linux-x86_64 2.2 2.23 31.66 33.89 OK
r-release-macos-arm64 2.2 20.00 OK
r-release-macos-x86_64 2.2 34.00 OK
r-release-windows-x86_64 2.2 5.00 50.00 55.00 OK
r-oldrel-macos-arm64 2.2 19.00 OK
r-oldrel-macos-x86_64 2.2 35.00 OK
r-oldrel-windows-x86_64 2.2 4.00 60.00 64.00 OK

Check Details

Version: 2.2
Check: CRAN incoming feasibility
Result: NOTE Maintainer: ‘Castor Guisande Gonzalez <castor@uvigo.es>’ No Authors@R field in DESCRIPTION. Please add one, modifying Authors@R: person(given = c("Castor", "Guisande"), family = "Gonzalez", role = c("aut", "cre"), email = "castor@uvigo.es") as necessary. Flavors: r-devel-linux-x86_64-debian-clang, r-devel-linux-x86_64-debian-gcc