Last updated on 2025-07-04 17:54:47 CEST.
Flavor | Version | Tinstall | Tcheck | Ttotal | Status | Flags |
---|---|---|---|---|---|---|
r-devel-linux-x86_64-debian-clang | 0.0.5 | 20.98 | 152.46 | 173.44 | OK | |
r-devel-linux-x86_64-debian-gcc | 0.0.5 | 14.30 | 113.55 | 127.85 | OK | |
r-devel-linux-x86_64-fedora-clang | 0.0.5 | 270.77 | OK | |||
r-devel-linux-x86_64-fedora-gcc | 0.0.5 | 258.76 | OK | |||
r-devel-windows-x86_64 | 0.0.5 | 20.00 | 138.00 | 158.00 | OK | |
r-patched-linux-x86_64 | 0.0.5 | 18.92 | 145.91 | 164.83 | OK | |
r-release-linux-x86_64 | 0.0.5 | 19.30 | 148.24 | 167.54 | OK | |
r-release-macos-arm64 | 0.0.5 | 64.00 | OK | |||
r-release-macos-x86_64 | 0.0.5 | 130.00 | OK | |||
r-release-windows-x86_64 | 0.0.5 | 20.00 | 140.00 | 160.00 | OK | |
r-oldrel-macos-arm64 | 0.0.5 | 66.00 | NOTE | |||
r-oldrel-macos-x86_64 | 0.0.5 | 105.00 | NOTE | |||
r-oldrel-windows-x86_64 | 0.0.5 | 27.00 | 179.00 | 206.00 | NOTE |
Version: 0.0.5
Check: LazyData
Result: NOTE
'LazyData' is specified without a 'data' directory
Flavors: r-oldrel-macos-arm64, r-oldrel-macos-x86_64, r-oldrel-windows-x86_64