Last updated on 2025-05-22 19:52:36 CEST.
Flavor | Version | Tinstall | Tcheck | Ttotal | Status | Flags |
---|---|---|---|---|---|---|
r-devel-linux-x86_64-debian-clang | 0.3-3 | 252.98 | 70.09 | 323.07 | OK | |
r-devel-linux-x86_64-debian-gcc | 0.3-3 | 173.58 | 54.88 | 228.46 | OK | |
r-devel-linux-x86_64-fedora-clang | 0.3-3 | 667.01 | OK | |||
r-devel-linux-x86_64-fedora-gcc | 0.3-3 | 690.84 | OK | |||
r-devel-windows-x86_64 | 0.3-3 | 284.00 | 133.00 | 417.00 | OK | |
r-patched-linux-x86_64 | 0.3-3 | 250.03 | 67.56 | 317.59 | OK | |
r-release-linux-x86_64 | 0.3-3 | 246.52 | 67.92 | 314.44 | OK | |
r-release-macos-arm64 | 0.3-3 | 137.00 | OK | |||
r-release-macos-x86_64 | 0.3-3 | 138.00 | OK | |||
r-release-windows-x86_64 | 0.3-3 | 286.00 | 134.00 | 420.00 | OK | |
r-oldrel-macos-arm64 | 0.3-3 | 117.00 | NOTE | |||
r-oldrel-macos-x86_64 | 0.3-3 | 147.00 | NOTE | |||
r-oldrel-windows-x86_64 | 0.3-3 | 324.00 | 163.00 | 487.00 | OK |
Version: 0.3-3
Check: installed package size
Result: NOTE
installed size is 16.7Mb
sub-directories of 1Mb or more:
libs 15.2Mb
Flavors: r-oldrel-macos-arm64, r-oldrel-macos-x86_64