Last updated on 2025-07-04 02:52:02 CEST.
Flavor | Version | Tinstall | Tcheck | Ttotal | Status | Flags |
---|---|---|---|---|---|---|
r-devel-linux-x86_64-debian-clang | 0.1.0 | 3.69 | 35.83 | 39.52 | OK | |
r-devel-linux-x86_64-debian-gcc | 0.1.0 | 2.60 | 25.05 | 27.65 | OK | |
r-devel-linux-x86_64-fedora-clang | 0.1.0 | 61.65 | OK | |||
r-devel-linux-x86_64-fedora-gcc | 0.1.0 | 58.26 | OK | |||
r-devel-windows-x86_64 | 0.1.0 | 4.00 | 49.00 | 53.00 | OK | |
r-patched-linux-x86_64 | 0.1.0 | 3.43 | 33.36 | 36.79 | OK | |
r-release-linux-x86_64 | 0.1.0 | 3.59 | 33.33 | 36.92 | OK | |
r-release-macos-arm64 | 0.1.0 | 20.00 | OK | |||
r-release-macos-x86_64 | 0.1.0 | 40.00 | OK | |||
r-release-windows-x86_64 | 0.1.0 | 5.00 | 53.00 | 58.00 | OK | |
r-oldrel-macos-arm64 | 0.1.0 | 22.00 | NOTE | |||
r-oldrel-macos-x86_64 | 0.1.0 | 34.00 | NOTE | |||
r-oldrel-windows-x86_64 | 0.1.0 | 6.00 | 59.00 | 65.00 | NOTE |
Version: 0.1.0
Check: LazyData
Result: NOTE
'LazyData' is specified without a 'data' directory
Flavors: r-oldrel-macos-arm64, r-oldrel-macos-x86_64, r-oldrel-windows-x86_64