Last updated on 2024-05-11 08:48:47 CEST.
Flavor | Version | Tinstall | Tcheck | Ttotal | Status | Flags |
---|---|---|---|---|---|---|
r-devel-linux-x86_64-debian-clang | 0.2.4 | 64.64 | 83.13 | 147.77 | OK | |
r-devel-linux-x86_64-debian-gcc | 0.2.4 | 49.94 | 62.44 | 112.38 | OK | |
r-devel-linux-x86_64-fedora-clang | 0.2.4 | 178.27 | OK | |||
r-devel-linux-x86_64-fedora-gcc | 0.2.4 | 245.97 | OK | |||
r-devel-windows-x86_64 | 0.2.4 | 46.00 | 93.00 | 139.00 | OK | |
r-patched-linux-x86_64 | 0.2.4 | 67.73 | 78.54 | 146.27 | OK | |
r-release-linux-x86_64 | 0.2.4 | 52.52 | 78.19 | 130.71 | OK | |
r-release-macos-arm64 | 0.2.4 | 50.00 | NOTE | |||
r-release-macos-x86_64 | 0.2.4 | 68.00 | NOTE | |||
r-release-windows-x86_64 | 0.2.4 | 47.00 | 95.00 | 142.00 | OK | |
r-oldrel-macos-arm64 | 0.2.4 | 52.00 | NOTE | |||
r-oldrel-macos-x86_64 | 0.2.4 | 71.00 | NOTE | |||
r-oldrel-windows-x86_64 | 0.2.4 | 56.00 | 117.00 | 173.00 | OK |
Version: 0.2.4
Check: installed package size
Result: NOTE
installed size is 15.5Mb
sub-directories of 1Mb or more:
libs 15.3Mb
Flavors: r-release-macos-arm64, r-release-macos-x86_64, r-oldrel-macos-arm64, r-oldrel-macos-x86_64