Last updated on 2024-05-11 11:48:32 CEST.
Flavor | Version | Tinstall | Tcheck | Ttotal | Status | Flags |
---|---|---|---|---|---|---|
r-devel-linux-x86_64-debian-clang | 0.3.0 | 13.89 | 537.04 | 550.93 | NOTE | |
r-devel-linux-x86_64-debian-gcc | 0.3.0 | 10.84 | 427.18 | 438.02 | NOTE | |
r-devel-linux-x86_64-fedora-clang | 0.3.0 | 743.21 | NOTE | |||
r-devel-linux-x86_64-fedora-gcc | 0.3.0 | 902.83 | NOTE | |||
r-devel-windows-x86_64 | 0.3.0 | 11.00 | 393.00 | 404.00 | NOTE | |
r-patched-linux-x86_64 | 0.3.0 | 17.23 | 538.70 | 555.93 | NOTE | |
r-release-linux-x86_64 | 0.3.0 | 16.31 | 543.65 | 559.96 | NOTE | |
r-release-macos-arm64 | 0.3.0 | 294.00 | NOTE | |||
r-release-windows-x86_64 | 0.3.0 | 12.00 | 406.00 | 418.00 | NOTE | |
r-oldrel-macos-arm64 | 0.3.0 | 373.00 | OK | |||
r-oldrel-macos-x86_64 | 0.3.0 | 606.00 | OK | |||
r-oldrel-windows-x86_64 | 0.3.0 | 16.00 | 495.00 | 511.00 | OK |
Version: 0.3.0
Check: Rd files
Result: NOTE
checkRd: (-1) cross.Rd:11: Lost braces
11 | \item{x}{\code{\link{Pop-class}} or code{\link{Colony-class}} or \code{\link{MultiColony-class}},
| ^
Flavors: r-devel-linux-x86_64-debian-clang, r-devel-linux-x86_64-debian-gcc, r-devel-linux-x86_64-fedora-clang, r-devel-linux-x86_64-fedora-gcc, r-devel-windows-x86_64, r-patched-linux-x86_64, r-release-linux-x86_64, r-release-macos-arm64, r-release-windows-x86_64