Last updated on 2024-04-18 10:50:03 CEST.
Flavor | Version | Tinstall | Tcheck | Ttotal | Status | Flags |
---|---|---|---|---|---|---|
r-devel-linux-x86_64-debian-clang | 27.0-0.0 | 75.41 | 57.32 | 132.73 | OK | |
r-devel-linux-x86_64-debian-gcc | 27.0-0.0 | 68.51 | 45.34 | 113.85 | OK | |
r-devel-linux-x86_64-fedora-clang | 27.0-0.0 | 181.21 | NOTE | |||
r-devel-linux-x86_64-fedora-gcc | 27.0-0.0 | 191.96 | OK | |||
r-prerel-macos-arm64 | 27.0-0.0 | 78.00 | NOTE | |||
r-prerel-windows-x86_64 | 27.0-0.0 | 63.00 | 65.00 | 128.00 | NOTE | |
r-patched-linux-x86_64 | 27.0-0.0 | 71.08 | 54.85 | 125.93 | OK | |
r-release-linux-x86_64 | 27.0-0.0 | 75.28 | 54.04 | 129.32 | OK | |
r-release-macos-arm64 | 27.0-0.0 | 89.00 | NOTE | |||
r-release-macos-x86_64 | 27.0-0.0 | 204.00 | NOTE | |||
r-release-windows-x86_64 | 27.0-0.0 | 64.00 | 68.00 | 132.00 | NOTE | |
r-oldrel-macos-arm64 | 27.0-0.0 | 97.00 | NOTE | |||
r-oldrel-windows-x86_64 | 27.0-0.0 | 88.00 | 79.00 | 167.00 | NOTE |
Version: 27.0-0.0
Check: installed package size
Result: NOTE
installed size is 6.9Mb
sub-directories of 1Mb or more:
data 6.7Mb
Flavors: r-devel-linux-x86_64-fedora-clang, r-prerel-macos-arm64, r-prerel-windows-x86_64, r-release-macos-arm64, r-release-macos-x86_64, r-release-windows-x86_64, r-oldrel-macos-arm64, r-oldrel-windows-x86_64