Last updated on 2024-05-13 07:50:16 CEST.
Flavor | Version | Tinstall | Tcheck | Ttotal | Status | Flags |
---|---|---|---|---|---|---|
r-devel-linux-x86_64-debian-clang | 1.0.1 | 2.61 | 39.40 | 42.01 | NOTE | |
r-devel-linux-x86_64-debian-gcc | 1.0.1 | 1.98 | 29.76 | 31.74 | NOTE | |
r-devel-linux-x86_64-fedora-clang | 1.0.1 | 51.64 | NOTE | |||
r-devel-linux-x86_64-fedora-gcc | 1.0.1 | 61.23 | NOTE | |||
r-devel-windows-x86_64 | 1.0.1 | 3.00 | 64.00 | 67.00 | NOTE | |
r-patched-linux-x86_64 | 1.0.1 | 2.75 | 37.79 | 40.54 | NOTE | |
r-release-linux-x86_64 | 1.0.1 | 2.46 | 38.15 | 40.61 | NOTE | |
r-release-macos-arm64 | 1.0.1 | 21.00 | NOTE | |||
r-release-windows-x86_64 | 1.0.1 | 4.00 | 58.00 | 62.00 | NOTE | |
r-oldrel-macos-arm64 | 1.0.1 | 23.00 | NOTE | |||
r-oldrel-macos-x86_64 | 1.0.1 | 29.00 | NOTE | |||
r-oldrel-windows-x86_64 | 1.0.1 | 4.00 | 58.00 | 62.00 | NOTE |
Version: 1.0.1
Check: Rd files
Result: NOTE
checkRd: (-1) SEset_to_network.Rd:50: Escaped LaTeX specials: \&
checkRd: (-1) network_to_SEset.Rd:72: Escaped LaTeX specials: \&
checkRd: (-1) network_to_path.Rd:50: Escaped LaTeX specials: \&
checkRd: (-1) path_to_network.Rd:29: Escaped LaTeX specials: \&
Flavors: r-devel-linux-x86_64-debian-clang, r-devel-linux-x86_64-debian-gcc, r-devel-linux-x86_64-fedora-clang, r-devel-linux-x86_64-fedora-gcc, r-devel-windows-x86_64, r-patched-linux-x86_64, r-release-linux-x86_64, r-release-macos-arm64, r-release-windows-x86_64, r-oldrel-macos-arm64, r-oldrel-macos-x86_64, r-oldrel-windows-x86_64