Last updated on 2024-05-13 09:50:58 CEST.
Flavor | Version | Tinstall | Tcheck | Ttotal | Status | Flags |
---|---|---|---|---|---|---|
r-devel-linux-x86_64-debian-clang | 1.1.1 | 8.38 | 130.61 | 138.99 | NOTE | |
r-devel-linux-x86_64-debian-gcc | 1.1.1 | 5.73 | 93.48 | 99.21 | NOTE | |
r-devel-linux-x86_64-fedora-clang | 1.1.1 | 170.56 | NOTE | |||
r-devel-linux-x86_64-fedora-gcc | 1.1.1 | 223.86 | NOTE | |||
r-devel-windows-x86_64 | 1.1.1 | 9.00 | 116.00 | 125.00 | NOTE | |
r-patched-linux-x86_64 | 1.1.1 | 8.85 | 121.21 | 130.06 | NOTE | |
r-release-linux-x86_64 | 1.1.1 | 9.07 | 121.79 | 130.86 | NOTE | |
r-release-macos-arm64 | 1.1.1 | 58.00 | NOTE | |||
r-release-windows-x86_64 | 1.1.1 | 11.00 | 115.00 | 126.00 | NOTE | |
r-oldrel-macos-arm64 | 1.1.1 | 58.00 | NOTE | |||
r-oldrel-macos-x86_64 | 1.1.1 | 97.00 | NOTE | |||
r-oldrel-windows-x86_64 | 1.1.1 | 11.00 | 140.00 | 151.00 | NOTE |
Version: 1.1.1
Check: package subdirectories
Result: NOTE
Problems with news in ‘NEWS.md’:
Cannot extract version info from the following section titles:
Updated help pages with examples
Updated conjugate model sampler
Flavors: r-devel-linux-x86_64-debian-clang, r-devel-linux-x86_64-debian-gcc, r-devel-linux-x86_64-fedora-clang, r-devel-linux-x86_64-fedora-gcc, r-devel-windows-x86_64, r-patched-linux-x86_64, r-release-linux-x86_64, r-release-macos-arm64, r-release-windows-x86_64, r-oldrel-macos-arm64, r-oldrel-macos-x86_64, r-oldrel-windows-x86_64