Last updated on 2024-05-10 00:55:20 CEST.
Flavor | Version | Tinstall | Tcheck | Ttotal | Status | Flags |
---|---|---|---|---|---|---|
r-devel-linux-x86_64-debian-clang | 0.1.1 | 6.05 | 111.06 | 117.11 | NOTE | |
r-devel-linux-x86_64-debian-gcc | 0.1.1 | 4.64 | 82.03 | 86.67 | NOTE | |
r-devel-linux-x86_64-fedora-clang | 0.1.1 | 138.91 | NOTE | |||
r-devel-linux-x86_64-fedora-gcc | 0.1.1 | 177.68 | NOTE | |||
r-devel-windows-x86_64 | 0.1.1 | 9.00 | 117.00 | 126.00 | NOTE | |
r-patched-linux-x86_64 | 0.1.1 | 7.05 | 105.71 | 112.76 | OK | |
r-release-linux-x86_64 | 0.1.1 | 4.98 | 105.55 | 110.53 | OK | |
r-release-macos-arm64 | 0.1.1 | 55.00 | OK | |||
r-release-windows-x86_64 | 0.1.1 | 9.00 | 118.00 | 127.00 | OK | |
r-oldrel-macos-arm64 | 0.1.1 | 71.00 | OK | |||
r-oldrel-macos-x86_64 | 0.1.1 | 162.00 | OK | |||
r-oldrel-windows-x86_64 | 0.1.1 | 10.00 | 135.00 | 145.00 | WARN |
Version: 0.1.1
Check: compiled code
Result: NOTE
File ‘S7/libs/S7.so’:
Found non-API call to R: ‘SET_PRVALUE’
Compiled code should not call non-API entry points in R.
See ‘Writing portable packages’ in the ‘Writing R Extensions’ manual.
Flavors: r-devel-linux-x86_64-debian-clang, r-devel-linux-x86_64-debian-gcc, r-devel-linux-x86_64-fedora-clang, r-devel-linux-x86_64-fedora-gcc
Version: 0.1.1
Check: compiled code
Result: NOTE
File 'S7/libs/x64/S7.dll':
Found non-API call to R: 'SET_PRVALUE'
Compiled code should not call non-API entry points in R.
See 'Writing portable packages' in the 'Writing R Extensions' manual.
Flavor: r-devel-windows-x86_64
Version: 0.1.1
Check: S3 generic/method consistency
Result: WARN
matrixOps:
function(x, y)
matrixOps.S7_object:
function(e1, e2)
See section 'Generic functions and methods' in the 'Writing R
Extensions' manual.
Flavor: r-oldrel-windows-x86_64