Last updated on 2025-07-04 20:49:25 CEST.
Flavor | Version | Tinstall | Tcheck | Ttotal | Status | Flags |
---|---|---|---|---|---|---|
r-devel-linux-x86_64-debian-clang | 0.0.1 | 36.27 | 552.02 | 588.29 | NOTE | |
r-devel-linux-x86_64-debian-gcc | 0.0.1 | 21.08 | 367.21 | 388.29 | NOTE | |
r-devel-linux-x86_64-fedora-clang | 0.0.1 | 935.30 | NOTE | |||
r-devel-linux-x86_64-fedora-gcc | 0.0.1 | 913.25 | NOTE | |||
r-devel-windows-x86_64 | 0.0.1 | 30.00 | 462.00 | 492.00 | NOTE | |
r-patched-linux-x86_64 | 0.0.1 | 35.18 | 531.79 | 566.97 | NOTE | |
r-release-linux-x86_64 | 0.0.1 | 33.40 | 524.48 | 557.88 | NOTE | |
r-release-macos-arm64 | 0.0.1 | 226.00 | NOTE | |||
r-release-macos-x86_64 | 0.0.1 | 515.00 | NOTE | |||
r-release-windows-x86_64 | 0.0.1 | 33.00 | 468.00 | 501.00 | NOTE | |
r-oldrel-macos-arm64 | 0.0.1 | 221.00 | OK | |||
r-oldrel-macos-x86_64 | 0.0.1 | 340.00 | OK | |||
r-oldrel-windows-x86_64 | 0.0.1 | 45.00 | 629.00 | 674.00 | OK |
Version: 0.0.1
Check: DESCRIPTION meta-information
Result: NOTE
Missing dependency on R >= 4.1.0 because package code uses the pipe
|> or function shorthand \(...) syntax added in R 4.1.0.
File(s) using such syntax:
‘fit_density_ratio.R’ ‘fit_plug_and_play.R’
Flavors: r-devel-linux-x86_64-debian-clang, r-devel-linux-x86_64-debian-gcc, r-devel-linux-x86_64-fedora-clang, r-devel-linux-x86_64-fedora-gcc, r-devel-windows-x86_64, r-patched-linux-x86_64, r-release-linux-x86_64, r-release-macos-arm64, r-release-macos-x86_64, r-release-windows-x86_64