Last updated on 2025-07-04 02:52:00 CEST.
Flavor | Version | Tinstall | Tcheck | Ttotal | Status | Flags |
---|---|---|---|---|---|---|
r-devel-linux-x86_64-debian-clang | 1.0.2 | 251.04 | 87.34 | 338.38 | NOTE | |
r-devel-linux-x86_64-debian-gcc | 1.0.2 | 185.06 | 79.97 | 265.03 | NOTE | |
r-devel-linux-x86_64-fedora-clang | 1.0.2 | 604.22 | OK | |||
r-devel-linux-x86_64-fedora-gcc | 1.0.2 | 604.60 | OK | |||
r-devel-windows-x86_64 | 1.0.2 | 266.00 | 132.00 | 398.00 | OK | |
r-patched-linux-x86_64 | 1.0.2 | 260.75 | 106.24 | 366.99 | OK | |
r-release-linux-x86_64 | 1.0.2 | 244.85 | 105.09 | 349.94 | OK | |
r-release-macos-arm64 | 1.0.2 | 128.00 | OK | |||
r-release-macos-x86_64 | 1.0.2 | 137.00 | OK | |||
r-release-windows-x86_64 | 1.0.2 | 275.00 | 132.00 | 407.00 | OK | |
r-oldrel-macos-arm64 | 1.0.2 | 137.00 | NOTE | |||
r-oldrel-macos-x86_64 | 1.0.2 | 128.00 | NOTE | |||
r-oldrel-windows-x86_64 | 1.0.2 | 313.00 | 156.00 | 469.00 | OK |
Version: 1.0.2
Check: CRAN incoming feasibility
Result: NOTE
Maintainer: ‘Daniel Grose <dan.grose@lancaster.ac.uk>’
The Description field contains
(2014) <arXiv:1204.3358> and Agamennoni et al. (2018)
of Ruckdeschel et al. (2014) <arXiv:1204.3358>, as well as the
<arXiv:2007.03238>.
Please refer to arXiv e-prints via their arXiv DOI <doi:10.48550/arXiv.YYMM.NNNNN>.
Flavors: r-devel-linux-x86_64-debian-clang, r-devel-linux-x86_64-debian-gcc
Version: 1.0.2
Check: installed package size
Result: NOTE
installed size is 40.5Mb
sub-directories of 1Mb or more:
libs 40.3Mb
Flavors: r-oldrel-macos-arm64, r-oldrel-macos-x86_64