Last updated on 2024-05-10 00:55:19 CEST.
Flavor | Version | Tinstall | Tcheck | Ttotal | Status | Flags |
---|---|---|---|---|---|---|
r-devel-linux-x86_64-debian-clang | 1.3.0 | 703.61 | 116.11 | 819.72 | OK | |
r-devel-linux-x86_64-debian-gcc | 1.3.0 | 662.77 | 125.80 | 788.57 | OK | |
r-devel-linux-x86_64-fedora-clang | 1.3.0 | 1020.52 | NOTE | |||
r-devel-linux-x86_64-fedora-gcc | 1.3.0 | 1677.37 | NOTE | |||
r-devel-windows-x86_64 | 1.3.0 | 558.00 | 165.00 | 723.00 | NOTE | |
r-patched-linux-x86_64 | 1.3.0 | 0.01 | 2.51 | 2.52 | ERROR | |
r-release-linux-x86_64 | 1.3.0 | 0.01 | 2.87 | 2.88 | ERROR | |
r-release-macos-arm64 | 1.3.0 | 296.00 | NOTE | |||
r-release-macos-x86_64 | 1.3.0 | 302.00 | NOTE | |||
r-release-windows-x86_64 | 1.3.0 | 567.00 | 164.00 | 731.00 | NOTE | |
r-oldrel-macos-arm64 | 1.3.0 | 291.00 | NOTE | |||
r-oldrel-macos-x86_64 | 1.3.0 | 290.00 | NOTE | |||
r-oldrel-windows-x86_64 | 1.3.0 | 704.00 | 201.00 | 905.00 | NOTE |
Version: 1.3.0
Check: installed package size
Result: NOTE
installed size is 7.4Mb
sub-directories of 1Mb or more:
libs 6.6Mb
Flavors: r-devel-linux-x86_64-fedora-clang, r-devel-windows-x86_64, r-release-macos-arm64, r-release-macos-x86_64, r-release-windows-x86_64, r-oldrel-macos-arm64, r-oldrel-macos-x86_64, r-oldrel-windows-x86_64
Version: 1.3.0
Check: Rd cross-references
Result: NOTE
Undeclared package ‘extraDistr’ in Rd xrefs
Flavor: r-devel-linux-x86_64-fedora-clang
Version: 1.3.0
Check: for GNU extensions in Makefiles
Result: NOTE
GNU make is a SystemRequirements.
Flavors: r-devel-linux-x86_64-fedora-clang, r-devel-linux-x86_64-fedora-gcc, r-release-macos-arm64, r-release-macos-x86_64, r-oldrel-macos-arm64, r-oldrel-macos-x86_64
Version: 1.3.0
Check: whether package can be installed
Result: ERROR
Installation failed.
Flavors: r-patched-linux-x86_64, r-release-linux-x86_64