Last updated on 2025-05-29 01:49:42 CEST.
Flavor | Version | Tinstall | Tcheck | Ttotal | Status | Flags |
---|---|---|---|---|---|---|
r-devel-linux-x86_64-debian-clang | 1.1.3 | 1.93 | 19.64 | 21.57 | NOTE | |
r-devel-linux-x86_64-debian-gcc | 1.1.3 | 1.94 | 16.28 | 18.22 | NOTE | |
r-devel-linux-x86_64-fedora-clang | 1.1.3 | 34.98 | NOTE | |||
r-devel-linux-x86_64-fedora-gcc | 1.1.3 | 33.82 | NOTE | |||
r-devel-windows-x86_64 | 1.1.3 | 5.00 | 45.00 | 50.00 | OK | |
r-patched-linux-x86_64 | 1.1.3 | 2.31 | 19.08 | 21.39 | OK | |
r-release-linux-x86_64 | 1.1.3 | 2.38 | 18.89 | 21.27 | OK | |
r-release-macos-arm64 | 1.1.3 | 20.00 | OK | |||
r-release-macos-x86_64 | 1.1.3 | 33.00 | OK | |||
r-release-windows-x86_64 | 1.1.3 | 6.00 | 54.00 | 60.00 | OK | |
r-oldrel-macos-arm64 | 1.1.3 | 17.00 | OK | |||
r-oldrel-macos-x86_64 | 1.1.3 | 23.00 | OK | |||
r-oldrel-windows-x86_64 | 1.1.3 | 7.00 | 54.00 | 61.00 | OK |
Version: 1.1.3
Check: CRAN incoming feasibility
Result: NOTE
Maintainer: ‘Yingsong Hu <yingsonghu@hotmail.com>’
No Authors@R field in DESCRIPTION.
Please add one, modifying
Authors@R: c(person(given = "Yingsong",
family = "Hu",
role = c("aut", "cre"),
email = "yingsonghu@hotmail.com"),
person(given = "Wayne",
family = "Murray",
role = "aut"),
person(given = "Yin",
family = "Shan",
role = "aut"),
person(family = "Australia.",
role = "aut"))
as necessary.
Flavors: r-devel-linux-x86_64-debian-clang, r-devel-linux-x86_64-debian-gcc
Version: 1.1.3
Check: compiled code
Result: NOTE
File ‘Rlof/libs/Rlof.so’:
Found no calls to: ‘R_registerRoutines’, ‘R_useDynamicSymbols’
It is good practice to register native routines and to disable symbol
search.
See ‘Writing portable packages’ in the ‘Writing R Extensions’ manual.
Flavors: r-devel-linux-x86_64-fedora-clang, r-devel-linux-x86_64-fedora-gcc