Last updated on 2025-05-23 10:49:28 CEST.
Flavor | Version | Tinstall | Tcheck | Ttotal | Status | Flags |
---|---|---|---|---|---|---|
r-devel-linux-x86_64-debian-clang | 0.1.0 | 35.87 | 270.33 | 306.20 | OK | |
r-devel-linux-x86_64-debian-gcc | 0.1.0 | 22.10 | 167.77 | 189.87 | OK | |
r-devel-linux-x86_64-fedora-clang | 0.1.0 | 485.97 | NOTE | |||
r-devel-linux-x86_64-fedora-gcc | 0.1.0 | 468.90 | NOTE | |||
r-devel-windows-x86_64 | 0.1.0 | 31.00 | 201.00 | 232.00 | OK | |
r-patched-linux-x86_64 | 0.1.0 | 30.38 | 247.97 | 278.35 | OK | |
r-release-linux-x86_64 | 0.1.0 | 31.83 | 242.83 | 274.66 | OK | |
r-release-macos-arm64 | 0.1.0 | 97.00 | OK | |||
r-release-macos-x86_64 | 0.1.0 | 221.00 | OK | |||
r-release-windows-x86_64 | 0.1.0 | 32.00 | 203.00 | 235.00 | OK | |
r-oldrel-macos-arm64 | 0.1.0 | 97.00 | OK | |||
r-oldrel-macos-x86_64 | 0.1.0 | 242.00 | OK | |||
r-oldrel-windows-x86_64 | 0.1.0 | 42.00 | 273.00 | 315.00 | OK |
Version: 0.1.0
Check: dependencies in R code
Result: NOTE
Namespace in Imports field not imported from: ‘maxLik’
All declared Imports should be used.
Flavors: r-devel-linux-x86_64-fedora-clang, r-devel-linux-x86_64-fedora-gcc