Last updated on 2024-05-10 00:55:18 CEST.
Flavor | Version | Tinstall | Tcheck | Ttotal | Status | Flags |
---|---|---|---|---|---|---|
r-devel-linux-x86_64-debian-clang | 0.2.5 | 56.54 | 34.64 | 91.18 | NOTE | |
r-devel-linux-x86_64-debian-gcc | 0.2.5 | 45.26 | 26.20 | 71.46 | NOTE | |
r-devel-linux-x86_64-fedora-clang | 0.2.5 | 119.27 | NOTE | |||
r-devel-linux-x86_64-fedora-gcc | 0.2.5 | 186.42 | NOTE | |||
r-devel-windows-x86_64 | 0.2.5 | 43.00 | 75.00 | 118.00 | NOTE | |
r-patched-linux-x86_64 | 0.2.5 | 48.74 | 32.67 | 81.41 | NOTE | |
r-release-linux-x86_64 | 0.2.5 | 57.86 | 32.14 | 90.00 | NOTE | |
r-release-macos-arm64 | 0.2.5 | 33.00 | NOTE | |||
r-release-windows-x86_64 | 0.2.5 | 44.00 | 71.00 | 115.00 | NOTE | |
r-oldrel-macos-arm64 | 0.2.5 | 36.00 | NOTE | |||
r-oldrel-macos-x86_64 | 0.2.5 | 59.00 | NOTE | |||
r-oldrel-windows-x86_64 | 0.2.5 | 53.00 | 120.00 | 173.00 | NOTE |
Version: 0.2.5
Check: C++ specification
Result: NOTE
Specified C++11: please drop specification unless essential
Flavors: r-devel-linux-x86_64-debian-clang, r-devel-linux-x86_64-debian-gcc, r-devel-linux-x86_64-fedora-clang, r-devel-linux-x86_64-fedora-gcc, r-devel-windows-x86_64, r-patched-linux-x86_64, r-release-linux-x86_64, r-release-macos-arm64, r-release-windows-x86_64, r-oldrel-macos-arm64, r-oldrel-macos-x86_64, r-oldrel-windows-x86_64
Version: 0.2.5
Check: installed package size
Result: NOTE
installed size is 5.5Mb
sub-directories of 1Mb or more:
libs 5.3Mb
Flavors: r-release-macos-arm64, r-oldrel-macos-arm64, r-oldrel-macos-x86_64