Last updated on 2025-10-24 21:50:17 CEST.
| Flavor | Version | Tinstall | Tcheck | Ttotal | Status | Flags |
|---|---|---|---|---|---|---|
| r-devel-linux-x86_64-debian-clang | 0.2.9 | 102.39 | 33.58 | 135.97 | OK | |
| r-devel-linux-x86_64-debian-gcc | 0.2.9 | 66.32 | 24.71 | 91.03 | OK | |
| r-devel-linux-x86_64-fedora-clang | 0.2.9 | 262.00 | 17.79 | 279.79 | OK | |
| r-devel-linux-x86_64-fedora-gcc | 0.2.9 | 79.00 | 153.44 | 232.44 | OK | |
| r-devel-windows-x86_64 | 0.2.9 | 117.00 | 79.00 | 196.00 | OK | |
| r-patched-linux-x86_64 | 0.2.9 | 107.95 | 29.76 | 137.71 | OK | |
| r-release-linux-x86_64 | 0.2.9 | 102.82 | 29.45 | 132.27 | OK | |
| r-release-macos-arm64 | 0.2.9 | 34.00 | 18.00 | 52.00 | OK | |
| r-release-macos-x86_64 | 0.2.9 | 50.00 | 31.00 | 81.00 | OK | |
| r-release-windows-x86_64 | 0.2.9 | 116.00 | 77.00 | 193.00 | OK | |
| r-oldrel-macos-arm64 | 0.2.9 | 34.00 | 23.00 | 57.00 | NOTE | |
| r-oldrel-macos-x86_64 | 0.2.9 | 43.00 | 31.00 | 74.00 | NOTE | |
| r-oldrel-windows-x86_64 | 0.2.9 | 137.00 | 98.00 | 235.00 | OK |
Version: 0.2.9
Check: installed package size
Result: NOTE
installed size is 7.2Mb
sub-directories of 1Mb or more:
libs 6.8Mb
Flavors: r-oldrel-macos-arm64, r-oldrel-macos-x86_64