Last updated on 2025-05-22 19:52:32 CEST.
Flavor | Version | Tinstall | Tcheck | Ttotal | Status | Flags |
---|---|---|---|---|---|---|
r-devel-linux-x86_64-debian-clang | 2.9.3 | 247.45 | 185.73 | 433.18 | OK | |
r-devel-linux-x86_64-debian-gcc | 2.9.3 | 162.35 | 131.71 | 294.06 | OK | |
r-devel-linux-x86_64-fedora-clang | 2.9.3 | 868.35 | OK | |||
r-devel-linux-x86_64-fedora-gcc | 2.9.3 | 830.48 | OK | |||
r-devel-windows-x86_64 | 2.9.3 | 283.00 | 239.00 | 522.00 | OK | |
r-patched-linux-x86_64 | 2.9.3 | 232.63 | 178.64 | 411.27 | OK | |
r-release-linux-x86_64 | 2.9.3 | 230.85 | 176.46 | 407.31 | OK | |
r-release-macos-arm64 | 2.9.3 | 168.00 | OK | |||
r-release-macos-x86_64 | 2.9.3 | 251.00 | OK | |||
r-release-windows-x86_64 | 2.9.3 | 292.00 | 294.00 | 586.00 | OK | |
r-oldrel-macos-arm64 | 2.9.3 | 198.00 | NOTE | |||
r-oldrel-macos-x86_64 | 2.9.3 | 347.00 | NOTE | |||
r-oldrel-windows-x86_64 | 2.9.3 | 301.00 | 292.00 | 593.00 | OK |
Version: 2.9.3
Check: installed package size
Result: NOTE
installed size is 21.1Mb
sub-directories of 1Mb or more:
doc 1.2Mb
libs 18.8Mb
Flavors: r-oldrel-macos-arm64, r-oldrel-macos-x86_64