CRAN Package Check Results for Package Ramble

Last updated on 2025-07-04 15:48:40 CEST.

Flavor Version Tinstall Tcheck Ttotal Status Flags
r-devel-linux-x86_64-debian-clang 0.1.1 2.00 27.79 29.79 NOTE
r-devel-linux-x86_64-debian-gcc 0.1.1 1.61 23.19 24.80 NOTE
r-devel-linux-x86_64-fedora-clang 0.1.1 46.59 OK
r-devel-linux-x86_64-fedora-gcc 0.1.1 59.31 OK
r-devel-windows-x86_64 0.1.1 3.00 52.00 55.00 OK
r-patched-linux-x86_64 0.1.1 2.58 26.58 29.16 OK
r-release-linux-x86_64 0.1.1 2.00 26.01 28.01 OK
r-release-macos-arm64 0.1.1 23.00 OK
r-release-macos-x86_64 0.1.1 44.00 OK
r-release-windows-x86_64 0.1.1 4.00 53.00 57.00 OK
r-oldrel-macos-arm64 0.1.1 23.00 NOTE
r-oldrel-macos-x86_64 0.1.1 34.00 NOTE
r-oldrel-windows-x86_64 0.1.1 4.00 60.00 64.00 NOTE

Check Details

Version: 0.1.1
Check: CRAN incoming feasibility
Result: NOTE Maintainer: ‘Chapman Siu <chpmn.siu@gmail.com>’ No Authors@R field in DESCRIPTION. Please add one, modifying Authors@R: person(given = "Chapman", family = "Siu", role = c("aut", "cre"), email = "chpmn.siu@gmail.com") as necessary. Flavors: r-devel-linux-x86_64-debian-clang, r-devel-linux-x86_64-debian-gcc

Version: 0.1.1
Check: LazyData
Result: NOTE 'LazyData' is specified without a 'data' directory Flavors: r-oldrel-macos-arm64, r-oldrel-macos-x86_64, r-oldrel-windows-x86_64