Last updated on 2025-07-03 05:50:41 CEST.
Flavor | Version | Tinstall | Tcheck | Ttotal | Status | Flags |
---|---|---|---|---|---|---|
r-devel-linux-x86_64-debian-clang | 0.1.8 | 14.65 | 60.28 | 74.93 | NOTE | |
r-devel-linux-x86_64-debian-gcc | 0.1.8 | 9.44 | 43.34 | 52.78 | NOTE | |
r-devel-linux-x86_64-fedora-clang | 0.1.8 | 118.33 | OK | |||
r-devel-linux-x86_64-fedora-gcc | 0.1.8 | 113.41 | OK | |||
r-devel-windows-x86_64 | 0.1.8 | 18.00 | 90.00 | 108.00 | OK | |
r-patched-linux-x86_64 | 0.1.8 | 13.40 | 55.69 | 69.09 | OK | |
r-release-linux-x86_64 | 0.1.8 | 13.49 | 54.92 | 68.41 | OK | |
r-release-macos-arm64 | 0.1.8 | 32.00 | OK | |||
r-release-macos-x86_64 | 0.1.8 | 56.00 | OK | |||
r-release-windows-x86_64 | 0.1.8 | 17.00 | 92.00 | 109.00 | OK | |
r-oldrel-macos-arm64 | 0.1.8 | 34.00 | OK | |||
r-oldrel-macos-x86_64 | 0.1.8 | 51.00 | OK | |||
r-oldrel-windows-x86_64 | 0.1.8 | 24.00 | 108.00 | 132.00 | OK |
Version: 0.1.8
Check: CRAN incoming feasibility
Result: NOTE
Maintainer: ‘Etor Arza <etorarza@gmail.com>’
No Authors@R field in DESCRIPTION.
Please add one, modifying
Authors@R: person(given = "Etor",
family = "Arza",
role = c("aut", "cre"),
email = "etorarza@gmail.com")
as necessary.
Flavors: r-devel-linux-x86_64-debian-clang, r-devel-linux-x86_64-debian-gcc