CRAN Package Check Results for Package RQEntangle

Last updated on 2025-07-02 02:54:40 CEST.

Flavor Version Tinstall Tcheck Ttotal Status Flags
r-devel-linux-x86_64-debian-clang 0.1.3 1.98 44.53 46.51 OK
r-devel-linux-x86_64-debian-gcc 0.1.3 1.50 34.02 35.52 OK
r-devel-linux-x86_64-fedora-clang 0.1.3 68.80 OK
r-devel-linux-x86_64-fedora-gcc 0.1.3 81.79 OK
r-devel-windows-x86_64 0.1.3 3.00 59.00 62.00 OK
r-patched-linux-x86_64 OK
r-release-linux-x86_64 0.1.3 1.86 42.74 44.60 OK
r-release-macos-arm64 0.1.3 37.00 OK
r-release-macos-x86_64 0.1.3 72.00 OK
r-release-windows-x86_64 0.1.3 3.00 59.00 62.00 OK
r-oldrel-macos-arm64 0.1.3 27.00 NOTE
r-oldrel-macos-x86_64 0.1.3 63.00 NOTE
r-oldrel-windows-x86_64 0.1.3 5.00 70.00 75.00 NOTE

Check Details

Version: 0.1.3
Check: LazyData
Result: NOTE 'LazyData' is specified without a 'data' directory Flavors: r-oldrel-macos-arm64, r-oldrel-macos-x86_64, r-oldrel-windows-x86_64