Last updated on 2024-03-28 21:50:27 CET.
Flavor | Version | Tinstall | Tcheck | Ttotal | Status | Flags |
---|---|---|---|---|---|---|
r-devel-linux-x86_64-debian-clang | 1.0-11 | 3.28 | 153.45 | 156.73 | NOTE | |
r-devel-linux-x86_64-debian-gcc | 1.0-11 | 4.12 | 114.92 | 119.04 | NOTE | |
r-devel-linux-x86_64-fedora-clang | 1.0-11 | 185.85 | NOTE | |||
r-devel-linux-x86_64-fedora-gcc | 1.0-11 | 194.20 | NOTE | |||
r-devel-windows-x86_64 | 1.0-11 | 5.00 | 122.00 | 127.00 | NOTE | |
r-patched-linux-x86_64 | 1.0-11 | 4.89 | 146.44 | 151.33 | NOTE | |
r-release-linux-x86_64 | 1.0-11 | 3.62 | 150.53 | 154.15 | NOTE | |
r-release-macos-arm64 | 1.0-11 | 52.00 | NOTE | |||
r-release-macos-x86_64 | 1.0-11 | 93.00 | NOTE | |||
r-release-windows-x86_64 | 1.0-11 | 7.00 | 161.00 | 168.00 | NOTE | |
r-oldrel-macos-arm64 | 1.0-11 | 49.00 | OK | |||
r-oldrel-windows-x86_64 | 1.0-11 | 10.00 | 166.00 | 176.00 | OK |
Version: 1.0-11
Check: Rd files
Result: NOTE
checkRd: (-1) performance.Rd:35: Escaped LaTeX specials: \#
checkRd: (-1) performance.Rd:36: Escaped LaTeX specials: \# \# \#
checkRd: (-1) performance.Rd:37: Escaped LaTeX specials: \# \#
Flavors: r-devel-linux-x86_64-debian-clang, r-devel-linux-x86_64-debian-gcc, r-devel-linux-x86_64-fedora-clang, r-devel-linux-x86_64-fedora-gcc, r-devel-windows-x86_64, r-patched-linux-x86_64, r-release-linux-x86_64, r-release-macos-arm64, r-release-macos-x86_64, r-release-windows-x86_64