Last updated on 2024-05-02 10:48:59 CEST.
Flavor | Version | Tinstall | Tcheck | Ttotal | Status | Flags |
---|---|---|---|---|---|---|
r-devel-linux-x86_64-debian-clang | 3.1-8 | 27.36 | 79.24 | 106.60 | NOTE | |
r-devel-linux-x86_64-debian-gcc | 3.1-8 | 19.77 | 58.37 | 78.14 | NOTE | |
r-devel-linux-x86_64-fedora-clang | 3.1-8 | 139.33 | NOTE | |||
r-devel-linux-x86_64-fedora-gcc | 3.1-8 | 129.46 | NOTE | |||
r-devel-windows-x86_64 | 3.1-8 | 22.00 | 88.00 | 110.00 | NOTE | |
r-patched-linux-x86_64 | 3.1-8 | 18.05 | 75.17 | 93.22 | NOTE | |
r-release-linux-x86_64 | 3.1-8 | 18.75 | 74.39 | 93.14 | NOTE | |
r-release-macos-arm64 | 3.1-8 | 42.00 | NOTE | |||
r-release-windows-x86_64 | 3.1-8 | 23.00 | 93.00 | 116.00 | NOTE | |
r-oldrel-macos-arm64 | 3.1-8 | 49.00 | NOTE | |||
r-oldrel-macos-x86_64 | 3.1-8 | 68.00 | NOTE | |||
r-oldrel-windows-x86_64 | 3.1-8 | 29.00 | 108.00 | 137.00 | NOTE |
Version: 3.1-8
Check: C++ specification
Result: NOTE
Specified C++11: please drop specification unless essential
Flavors: r-devel-linux-x86_64-debian-clang, r-devel-linux-x86_64-debian-gcc, r-devel-linux-x86_64-fedora-clang, r-devel-linux-x86_64-fedora-gcc, r-devel-windows-x86_64, r-patched-linux-x86_64, r-release-linux-x86_64, r-release-macos-arm64, r-release-windows-x86_64, r-oldrel-macos-arm64, r-oldrel-macos-x86_64, r-oldrel-windows-x86_64