Last updated on 2024-05-13 09:50:56 CEST.
Flavor | Version | Tinstall | Tcheck | Ttotal | Status | Flags |
---|---|---|---|---|---|---|
r-devel-linux-x86_64-debian-clang | 1.2.0 | 12.01 | 136.88 | 148.89 | OK | |
r-devel-linux-x86_64-debian-gcc | 1.2.0 | 7.28 | 96.25 | 103.53 | OK | |
r-devel-linux-x86_64-fedora-clang | 1.2.0 | 178.99 | NOTE | |||
r-devel-linux-x86_64-fedora-gcc | 1.2.0 | 239.57 | OK | |||
r-devel-windows-x86_64 | 1.2.0 | 10.00 | 122.00 | 132.00 | NOTE | |
r-patched-linux-x86_64 | 1.2.0 | 9.07 | 130.33 | 139.40 | OK | |
r-release-linux-x86_64 | 1.2.0 | 8.93 | 133.30 | 142.23 | OK | |
r-release-macos-arm64 | 1.2.0 | 56.00 | NOTE | |||
r-release-windows-x86_64 | 1.2.0 | 10.00 | 127.00 | 137.00 | NOTE | |
r-oldrel-macos-arm64 | 1.2.0 | 64.00 | NOTE | |||
r-oldrel-macos-x86_64 | 1.2.0 | 100.00 | NOTE | |||
r-oldrel-windows-x86_64 | 1.2.0 | 12.00 | 148.00 | 160.00 | NOTE |
Version: 1.2.0
Check: installed package size
Result: NOTE
installed size is 5.4Mb
sub-directories of 1Mb or more:
data 1.9Mb
doc 1.2Mb
extdata 1.9Mb
Flavors: r-devel-linux-x86_64-fedora-clang, r-devel-windows-x86_64, r-release-macos-arm64, r-release-windows-x86_64, r-oldrel-macos-arm64, r-oldrel-macos-x86_64, r-oldrel-windows-x86_64