Last updated on 2025-10-31 18:51:15 CET.
| Flavor | Version | Tinstall | Tcheck | Ttotal | Status | Flags | 
|---|---|---|---|---|---|---|
| r-devel-linux-x86_64-debian-clang | 0.9.6 | 3.61 | 56.27 | 59.88 | NOTE | |
| r-devel-linux-x86_64-debian-gcc | 0.9.6 | 3.29 | 43.17 | 46.46 | NOTE | |
| r-devel-linux-x86_64-fedora-clang | 0.9.6 | 90.79 | OK | |||
| r-devel-linux-x86_64-fedora-gcc | 0.9.6 | 89.00 | OK | |||
| r-devel-windows-x86_64 | 0.9.6 | 5.00 | 73.00 | 78.00 | OK | |
| r-patched-linux-x86_64 | 0.9.6 | 3.61 | 54.85 | 58.46 | OK | |
| r-release-linux-x86_64 | 0.9.6 | 3.89 | 54.49 | 58.38 | OK | |
| r-release-macos-arm64 | 0.9.6 | 2.00 | 30.00 | 32.00 | OK | |
| r-release-macos-x86_64 | 0.9.6 | 3.00 | 53.00 | 56.00 | OK | |
| r-release-windows-x86_64 | 0.9.6 | 6.00 | 74.00 | 80.00 | OK | |
| r-oldrel-macos-arm64 | 0.9.6 | 2.00 | 30.00 | 32.00 | OK | |
| r-oldrel-macos-x86_64 | 0.9.6 | 4.00 | 43.00 | 47.00 | OK | |
| r-oldrel-windows-x86_64 | 0.9.6 | 8.00 | 85.00 | 93.00 | OK | 
Version: 0.9.6
Check: CRAN incoming feasibility
Result: NOTE
  Maintainer: ‘Daniel Fischer <daniel.fischer@luke.fi>’
  
  No Authors@R field in DESCRIPTION.
  Please add one, modifying
    Authors@R: c(person(given = "Daniel",
                        family = "Fischer",
                        role = c("aut", "cre"),
                        email = "daniel.fischer@luke.fi"),
                 person(given = "Alain",
                        family = "Berro",
                        role = "aut"),
                 person(given = "Klaus",
                        family = "Nordhausen",
                        role = "aut"),
                 person(given = "Anne",
                        family = "Ruiz-Gazen",
                        role = "aut"))
  as necessary.
Flavors: r-devel-linux-x86_64-debian-clang, r-devel-linux-x86_64-debian-gcc