Last updated on 2024-05-13 08:50:23 CEST.
Flavor | Version | Tinstall | Tcheck | Ttotal | Status | Flags |
---|---|---|---|---|---|---|
r-devel-linux-x86_64-debian-clang | 1.0.6 | 5.10 | 43.02 | 48.12 | NOTE | |
r-devel-linux-x86_64-debian-gcc | 1.0.6 | 3.58 | 30.90 | 34.48 | NOTE | |
r-devel-linux-x86_64-fedora-clang | 1.0.6 | 58.77 | NOTE | |||
r-devel-linux-x86_64-fedora-gcc | 1.0.6 | 59.16 | NOTE | |||
r-devel-windows-x86_64 | 1.0.6 | 4.00 | 56.00 | 60.00 | OK | |
r-patched-linux-x86_64 | 1.0.6 | 4.82 | 39.61 | 44.43 | NOTE | |
r-release-linux-x86_64 | 1.0.6 | 4.73 | 39.69 | 44.42 | NOTE | |
r-release-macos-arm64 | 1.0.6 | 20.00 | OK | |||
r-release-windows-x86_64 | 1.0.6 | 5.00 | 55.00 | 60.00 | OK | |
r-oldrel-macos-arm64 | 1.0.6 | 21.00 | OK | |||
r-oldrel-macos-x86_64 | 1.0.6 | 28.00 | OK | |||
r-oldrel-windows-x86_64 | 1.0.6 | 5.00 | 56.00 | 61.00 | OK |
Version: 1.0.6
Check: for non-standard things in the check directory
Result: NOTE
Found the following files/directories:
‘EnvironmentalA.txt’ ‘EnvironmentalB.txt’ ‘Example.txt’
‘Example_Predictions.txt’ ‘Example_RRDist.txt’
‘Example_RRDistCol.TIF’ ‘Example_RRDistGrey.TIF’ ‘GeneticA.txt’
‘GeneticB.txt’ ‘Inds.txt’
Flavors: r-devel-linux-x86_64-debian-clang, r-devel-linux-x86_64-debian-gcc, r-devel-linux-x86_64-fedora-clang, r-devel-linux-x86_64-fedora-gcc, r-patched-linux-x86_64, r-release-linux-x86_64