Last updated on 2024-05-10 00:55:16 CEST.
Flavor | Version | Tinstall | Tcheck | Ttotal | Status | Flags |
---|---|---|---|---|---|---|
r-devel-linux-x86_64-debian-clang | 1.3.1 | 17.11 | 197.41 | 214.52 | OK | |
r-devel-linux-x86_64-debian-gcc | 1.3.1 | 11.45 | 155.07 | 166.52 | OK | |
r-devel-linux-x86_64-fedora-clang | 1.3.1 | 209.24 | OK | |||
r-devel-linux-x86_64-fedora-gcc | 1.3.1 | 230.68 | OK | |||
r-devel-windows-x86_64 | 1.3.1 | 16.00 | 168.00 | 184.00 | OK | |
r-patched-linux-x86_64 | 1.3.1 | 16.08 | 186.92 | 203.00 | OK | |
r-release-linux-x86_64 | 1.3.1 | 11.91 | 185.20 | 197.11 | OK | |
r-release-macos-arm64 | 1.3.1 | 86.00 | OK | |||
r-release-macos-x86_64 | 1.3.1 | 160.00 | OK | |||
r-release-windows-x86_64 | 1.3.1 | 15.00 | 160.00 | 175.00 | OK | |
r-oldrel-macos-arm64 | 1.3.1 | 70.00 | NOTE | |||
r-oldrel-macos-x86_64 | 1.3.1 | 103.00 | NOTE | |||
r-oldrel-windows-x86_64 | 1.3.1 | 21.00 | 201.00 | 222.00 | OK |
Version: 1.3.1
Check: package dependencies
Result: NOTE
Packages suggested but not available for checking: 'xcms', 'MSnbase'
Flavors: r-oldrel-macos-arm64, r-oldrel-macos-x86_64