Last updated on 2024-05-09 23:07:33 CEST.
Flavor | Version | Tinstall | Tcheck | Ttotal | Status | Flags |
---|---|---|---|---|---|---|
r-devel-linux-x86_64-debian-clang | 1.1.1 | 45.40 | 355.00 | 400.40 | OK | |
r-devel-linux-x86_64-debian-gcc | 1.1.1 | 33.05 | 247.73 | 280.78 | OK | |
r-devel-linux-x86_64-fedora-clang | 1.1.1 | 521.46 | NOTE | |||
r-devel-linux-x86_64-fedora-gcc | 1.1.1 | 506.08 | OK | |||
r-devel-windows-x86_64 | 1.1.1 | 37.00 | 245.00 | 282.00 | NOTE | |
r-patched-linux-x86_64 | 1.1.1 | 53.40 | 339.12 | 392.52 | OK | |
r-release-linux-x86_64 | 1.1.1 | 37.57 | 335.35 | 372.92 | OK | |
r-release-macos-arm64 | 1.1.1 | 174.00 | NOTE | |||
r-release-macos-x86_64 | 1.1.1 | 192.00 | NOTE | |||
r-release-windows-x86_64 | 1.1.1 | 36.00 | 250.00 | 286.00 | NOTE | |
r-oldrel-macos-arm64 | 1.1.1 | 134.00 | NOTE | |||
r-oldrel-macos-x86_64 | 1.1.1 | 194.00 | NOTE | |||
r-oldrel-windows-x86_64 | 1.1.1 | 50.00 | 332.00 | 382.00 | NOTE |
Version: 1.1.1
Check: installed package size
Result: NOTE
installed size is 5.3Mb
sub-directories of 1Mb or more:
doc 2.1Mb
shiny_app 1.2Mb
Flavors: r-devel-linux-x86_64-fedora-clang, r-devel-windows-x86_64, r-release-macos-arm64, r-release-macos-x86_64, r-release-windows-x86_64, r-oldrel-macos-arm64, r-oldrel-macos-x86_64, r-oldrel-windows-x86_64