Last updated on 2024-05-11 11:48:27 CEST.
Flavor | Version | Tinstall | Tcheck | Ttotal | Status | Flags |
---|---|---|---|---|---|---|
r-devel-linux-x86_64-debian-clang | 0.1.0 | 9.18 | 91.65 | 100.83 | OK | |
r-devel-linux-x86_64-debian-gcc | 0.1.0 | 8.17 | 68.41 | 76.58 | OK | |
r-devel-linux-x86_64-fedora-clang | 0.1.0 | 130.80 | NOTE | |||
r-devel-linux-x86_64-fedora-gcc | 0.1.0 | 176.77 | NOTE | |||
r-devel-windows-x86_64 | 0.1.0 | 11.00 | 84.00 | 95.00 | OK | |
r-patched-linux-x86_64 | 0.1.0 | 11.02 | 89.27 | 100.29 | OK | |
r-release-linux-x86_64 | 0.1.0 | 10.18 | 89.18 | 99.36 | OK | |
r-release-macos-arm64 | 0.1.0 | 37.00 | OK | |||
r-release-windows-x86_64 | 0.1.0 | 10.00 | 84.00 | 94.00 | OK | |
r-oldrel-macos-arm64 | 0.1.0 | 42.00 | OK | |||
r-oldrel-macos-x86_64 | 0.1.0 | 64.00 | OK | |||
r-oldrel-windows-x86_64 | 0.1.0 | 14.00 | 100.00 | 114.00 | OK |
Version: 0.1.0
Check: dependencies in R code
Result: NOTE
Namespace in Imports field not imported from: ‘missMethods’
All declared Imports should be used.
Flavors: r-devel-linux-x86_64-fedora-clang, r-devel-linux-x86_64-fedora-gcc