Last updated on 2025-10-31 22:50:07 CET.
| Flavor | Version | Tinstall | Tcheck | Ttotal | Status | Flags | 
|---|---|---|---|---|---|---|
| r-devel-linux-x86_64-debian-clang | 0.1.1 | 8.31 | 96.49 | 104.80 | NOTE | |
| r-devel-linux-x86_64-debian-gcc | 0.1.1 | 5.83 | 66.12 | 71.95 | NOTE | |
| r-devel-linux-x86_64-fedora-clang | 0.1.1 | 17.00 | 146.40 | 163.40 | NOTE | |
| r-devel-linux-x86_64-fedora-gcc | 0.1.1 | 17.00 | 134.11 | 151.11 | NOTE | |
| r-devel-windows-x86_64 | 0.1.1 | 10.00 | 100.00 | 110.00 | NOTE | |
| r-patched-linux-x86_64 | 0.1.1 | 7.19 | 90.99 | 98.18 | NOTE | |
| r-release-linux-x86_64 | 0.1.1 | 7.92 | 90.01 | 97.93 | NOTE | |
| r-release-macos-arm64 | 0.1.1 | 4.00 | 44.00 | 48.00 | NOTE | |
| r-release-macos-x86_64 | 0.1.1 | 11.00 | 106.00 | 117.00 | NOTE | |
| r-release-windows-x86_64 | 0.1.1 | 9.00 | 104.00 | 113.00 | NOTE | |
| r-oldrel-macos-arm64 | 0.1.1 | 3.00 | 40.00 | 43.00 | NOTE | |
| r-oldrel-macos-x86_64 | 0.1.1 | 5.00 | 73.00 | 78.00 | NOTE | |
| r-oldrel-windows-x86_64 | 0.1.1 | 12.00 | 131.00 | 143.00 | NOTE | 
Version: 0.1.1
Check: Rd files
Result: NOTE
  checkRd: (-1) IPWE_mean_IndCen.Rd:54-57: Lost braces in \itemize; \value handles \item{}{} directly
  checkRd: (-1) IPWE_mean_IndCen.Rd:58: Lost braces in \itemize; \value handles \item{}{} directly
  checkRd: (-1) IPWE_mean_IndCen.Rd:59: Lost braces in \itemize; \value handles \item{}{} directly
  checkRd: (-1) IPWE_mean_IndCen.Rd:60: Lost braces in \itemize; \value handles \item{}{} directly
  checkRd: (-1) IPWE_mean_IndCen.Rd:61-62: Lost braces in \itemize; \value handles \item{}{} directly
  checkRd: (-1) IPWE_mean_IndCen.Rd:63: Lost braces in \itemize; \value handles \item{}{} directly
  checkRd: (-1) simJLSDdata.Rd:14: Lost braces; missing escapes or markup?
      14 | \item{case}{string. One of {"a", "b", "c"}, corresponding to three models.}
         |                            ^
  checkRd: (-1) simJLSDdata.Rd:30: Lost braces in \itemize; \value handles \item{}{} directly
  checkRd: (-1) simJLSDdata.Rd:31: Lost braces in \itemize; \value handles \item{}{} directly
  checkRd: (-1) simJLSDdata.Rd:32-34: Lost braces in \itemize; \value handles \item{}{} directly
  checkRd: (-1) simJLSDdata.Rd:35: Lost braces in \itemize; \value handles \item{}{} directly
Flavors: r-devel-linux-x86_64-debian-clang, r-devel-linux-x86_64-debian-gcc, r-devel-linux-x86_64-fedora-clang, r-devel-linux-x86_64-fedora-gcc, r-devel-windows-x86_64, r-patched-linux-x86_64, r-release-linux-x86_64, r-release-macos-arm64, r-release-macos-x86_64, r-release-windows-x86_64, r-oldrel-macos-arm64, r-oldrel-macos-x86_64, r-oldrel-windows-x86_64
Version: 0.1.1
Check: dependencies in R code
Result: NOTE
  Namespace in Imports field not imported from: ‘MatrixModels’
    All declared Imports should be used.
Flavors: r-devel-linux-x86_64-fedora-clang, r-devel-linux-x86_64-fedora-gcc
Version: 0.1.1
Check: LazyData
Result: NOTE
    'LazyData' is specified without a 'data' directory
Flavors: r-oldrel-macos-arm64, r-oldrel-macos-x86_64, r-oldrel-windows-x86_64