CRAN Package Check Results for Package Q7

Last updated on 2025-07-04 19:50:27 CEST.

Flavor Version Tinstall Tcheck Ttotal Status Flags
r-devel-linux-x86_64-debian-clang 0.1.0 1.88 25.58 27.46 OK
r-devel-linux-x86_64-debian-gcc 0.1.0 1.51 20.82 22.33 OK
r-devel-linux-x86_64-fedora-clang 0.1.0 41.35 OK
r-devel-linux-x86_64-fedora-gcc 0.1.0 52.76 OK
r-devel-windows-x86_64 0.1.0 3.00 47.00 50.00 OK
r-patched-linux-x86_64 0.1.0 2.08 22.86 24.94 OK
r-release-linux-x86_64 0.1.0 1.76 23.29 25.05 OK
r-release-macos-arm64 0.1.0 29.00 OK
r-release-macos-x86_64 0.1.0 41.00 OK
r-release-windows-x86_64 0.1.0 3.00 46.00 49.00 OK
r-oldrel-macos-arm64 0.1.0 25.00 NOTE
r-oldrel-macos-x86_64 0.1.0 33.00 NOTE
r-oldrel-windows-x86_64 0.1.0 3.00 53.00 56.00 NOTE

Check Details

Version: 0.1.0
Check: LazyData
Result: NOTE 'LazyData' is specified without a 'data' directory Flavors: r-oldrel-macos-arm64, r-oldrel-macos-x86_64, r-oldrel-windows-x86_64