Last updated on 2024-05-10 00:55:14 CEST.
Flavor | Version | Tinstall | Tcheck | Ttotal | Status | Flags |
---|---|---|---|---|---|---|
r-devel-linux-x86_64-debian-clang | 0.1.0 | 1.58 | 22.89 | 24.47 | NOTE | |
r-devel-linux-x86_64-debian-gcc | 0.1.0 | 1.53 | 17.73 | 19.26 | NOTE | |
r-devel-linux-x86_64-fedora-clang | 0.1.0 | 31.44 | NOTE | |||
r-devel-linux-x86_64-fedora-gcc | 0.1.0 | 36.80 | NOTE | |||
r-devel-windows-x86_64 | 0.1.0 | 2.00 | 41.00 | 43.00 | NOTE | |
r-patched-linux-x86_64 | 0.1.0 | 2.02 | 21.96 | 23.98 | NOTE | |
r-release-linux-x86_64 | 0.1.0 | 1.99 | 21.42 | 23.41 | NOTE | |
r-release-macos-arm64 | 0.1.0 | 22.00 | NOTE | |||
r-release-windows-x86_64 | 0.1.0 | 3.00 | 38.00 | 41.00 | NOTE | |
r-oldrel-macos-arm64 | 0.1.0 | 16.00 | NOTE | |||
r-oldrel-macos-x86_64 | 0.1.0 | 18.00 | NOTE | |||
r-oldrel-windows-x86_64 | 0.1.0 | 3.00 | 37.00 | 40.00 | NOTE |
Version: 0.1.0
Check: LazyData
Result: NOTE
'LazyData' is specified without a 'data' directory
Flavors: r-devel-linux-x86_64-debian-clang, r-devel-linux-x86_64-debian-gcc, r-devel-linux-x86_64-fedora-clang, r-devel-linux-x86_64-fedora-gcc, r-devel-windows-x86_64, r-patched-linux-x86_64, r-release-linux-x86_64, r-release-macos-arm64, r-release-windows-x86_64, r-oldrel-macos-arm64, r-oldrel-macos-x86_64, r-oldrel-windows-x86_64