Last updated on 2025-10-23 16:50:18 CEST.
Flavor | Version | Tinstall | Tcheck | Ttotal | Status | Flags |
---|---|---|---|---|---|---|
r-devel-linux-x86_64-debian-clang | 1.2.6 | 10.19 | 149.18 | 159.37 | NOTE | |
r-devel-linux-x86_64-debian-gcc | 1.2.6 | 6.69 | 107.21 | 113.90 | NOTE | |
r-devel-linux-x86_64-fedora-clang | 1.2.6 | 22.00 | 224.61 | 246.61 | OK | |
r-devel-linux-x86_64-fedora-gcc | 1.2.6 | 32.00 | 240.22 | 272.22 | OK | |
r-devel-windows-x86_64 | 1.2.6 | 11.00 | 137.00 | 148.00 | OK | |
r-patched-linux-x86_64 | 1.2.6 | 8.85 | 150.12 | 158.97 | OK | |
r-release-linux-x86_64 | 1.2.6 | 8.30 | 147.99 | 156.29 | OK | |
r-release-macos-arm64 | 1.2.6 | 3.00 | 64.00 | 67.00 | OK | |
r-release-macos-x86_64 | 1.2.6 | 6.00 | 123.00 | 129.00 | OK | |
r-release-windows-x86_64 | 1.2.6 | 12.00 | 142.00 | 154.00 | OK | |
r-oldrel-macos-arm64 | 1.2.6 | 4.00 | 61.00 | 65.00 | OK | |
r-oldrel-macos-x86_64 | 1.2.6 | 5.00 | 92.00 | 97.00 | OK | |
r-oldrel-windows-x86_64 | 1.2.6 | 15.00 | 186.00 | 201.00 | OK |
Version: 1.2.6
Check: CRAN incoming feasibility
Result: NOTE
Maintainer: ‘Samuel Wilson <samwilson303@gmail.com>’
The Description field contains
al. <arXiv:1206.2944>. The package allows the user to run scoring
Please refer to arXiv e-prints via their arXiv DOI <doi:10.48550/arXiv.YYMM.NNNNN>.
Flavors: r-devel-linux-x86_64-debian-clang, r-devel-linux-x86_64-debian-gcc