Last updated on 2025-10-31 18:51:13 CET.
| Flavor | Version | Tinstall | Tcheck | Ttotal | Status | Flags | 
|---|---|---|---|---|---|---|
| r-devel-linux-x86_64-debian-clang | 2.0.1 | 22.22 | 106.95 | 129.17 | NOTE | |
| r-devel-linux-x86_64-debian-gcc | 2.0.1 | 14.18 | 76.90 | 91.08 | NOTE | |
| r-devel-linux-x86_64-fedora-clang | 2.0.1 | 52.00 | 162.30 | 214.30 | OK | |
| r-devel-linux-x86_64-fedora-gcc | 2.0.1 | 47.00 | 180.56 | 227.56 | OK | |
| r-devel-windows-x86_64 | 2.0.1 | 25.00 | 209.00 | 234.00 | OK | |
| r-patched-linux-x86_64 | 2.0.1 | 21.06 | 102.63 | 123.69 | OK | |
| r-release-linux-x86_64 | 2.0.1 | 22.10 | 102.56 | 124.66 | OK | |
| r-release-macos-arm64 | 2.0.1 | 10.00 | 67.00 | 77.00 | OK | |
| r-release-macos-x86_64 | 2.0.1 | 14.00 | 125.00 | 139.00 | OK | |
| r-release-windows-x86_64 | 2.0.1 | 27.00 | 211.00 | 238.00 | OK | |
| r-oldrel-macos-arm64 | 2.0.1 | 9.00 | 61.00 | 70.00 | OK | |
| r-oldrel-macos-x86_64 | 2.0.1 | 10.00 | 89.00 | 99.00 | OK | |
| r-oldrel-windows-x86_64 | 2.0.1 | 32.00 | 248.00 | 280.00 | OK | 
Version: 2.0.1
Check: CRAN incoming feasibility
Result: NOTE
  Maintainer: ‘Jing Peng <jing.peng@uconn.edu>’
  
  No Authors@R field in DESCRIPTION.
  Please add one, modifying
    Authors@R: person(given = "Jing",
                      family = "Peng",
                      role = c("aut", "cre"),
                      email = "jing.peng@uconn.edu")
  as necessary.
Flavors: r-devel-linux-x86_64-debian-clang, r-devel-linux-x86_64-debian-gcc