Last updated on 2024-03-29 09:55:31 CET.
Flavor | Version | Tinstall | Tcheck | Ttotal | Status | Flags |
---|---|---|---|---|---|---|
r-devel-linux-x86_64-debian-clang | 0.1.1 | 33.04 | 33.35 | 66.39 | NOTE | |
r-devel-linux-x86_64-debian-gcc | 0.1.1 | 27.50 | 25.77 | 53.27 | NOTE | |
r-devel-linux-x86_64-fedora-clang | 0.1.1 | 89.61 | NOTE | |||
r-devel-linux-x86_64-fedora-gcc | 0.1.1 | 87.73 | NOTE | |||
r-devel-windows-x86_64 | 0.1.1 | 26.00 | 52.00 | 78.00 | NOTE | |
r-patched-linux-x86_64 | 0.1.1 | 31.49 | 32.94 | 64.43 | NOTE | |
r-release-linux-x86_64 | 0.1.1 | 31.96 | 31.91 | 63.87 | OK | |
r-release-macos-arm64 | 0.1.1 | 41.00 | OK | |||
r-release-macos-x86_64 | 0.1.1 | 56.00 | OK | |||
r-release-windows-x86_64 | 0.1.1 | 29.00 | 52.00 | 81.00 | OK | |
r-oldrel-macos-arm64 | 0.1.1 | 42.00 | OK | |||
r-oldrel-windows-x86_64 | 0.1.1 | 40.00 | 59.00 | 99.00 | OK |
Version: 0.1.1
Check: Rd files
Result: NOTE
checkRd: (-1) MICS2014HL.Rd:109: Lost braces in \enumerate; meant \describe ?
checkRd: (-1) MICS2014HL.Rd:110: Lost braces in \enumerate; meant \describe ?
Flavors: r-devel-linux-x86_64-debian-clang, r-devel-linux-x86_64-debian-gcc, r-devel-linux-x86_64-fedora-clang, r-devel-linux-x86_64-fedora-gcc, r-devel-windows-x86_64, r-patched-linux-x86_64
Version: 0.1.1
Check: dependencies in R code
Result: NOTE
Namespace in Imports field not imported from: ‘stats’
All declared Imports should be used.
Flavors: r-devel-linux-x86_64-fedora-clang, r-devel-linux-x86_64-fedora-gcc