Last updated on 2024-05-10 00:55:16 CEST.
Flavor | Version | Tinstall | Tcheck | Ttotal | Status | Flags |
---|---|---|---|---|---|---|
r-devel-linux-x86_64-debian-clang | 0.2.4 | 7.98 | 82.61 | 90.59 | OK | |
r-devel-linux-x86_64-debian-gcc | 0.2.4 | 4.57 | 60.59 | 65.16 | OK | |
r-devel-linux-x86_64-fedora-clang | 0.2.4 | 110.63 | NOTE | |||
r-devel-linux-x86_64-fedora-gcc | 0.2.4 | 127.44 | OK | |||
r-devel-windows-x86_64 | 0.2.4 | 6.00 | 90.00 | 96.00 | OK | |
r-patched-linux-x86_64 | 0.2.4 | 6.34 | 78.96 | 85.30 | OK | |
r-release-linux-x86_64 | 0.2.4 | 5.76 | 76.94 | 82.70 | OK | |
r-release-macos-arm64 | 0.2.4 | 44.00 | OK | |||
r-release-windows-x86_64 | 0.2.4 | 6.00 | 89.00 | 95.00 | OK | |
r-oldrel-macos-arm64 | 0.2.4 | 39.00 | OK | |||
r-oldrel-macos-x86_64 | 0.2.4 | 63.00 | OK | |||
r-oldrel-windows-x86_64 | 0.2.4 | 6.00 | 98.00 | 104.00 | OK |
Version: 0.2.4
Check: Rd cross-references
Result: NOTE
Undeclared package ‘entropy’ in Rd xrefs
Flavor: r-devel-linux-x86_64-fedora-clang