Last updated on 2024-05-13 09:50:54 CEST.
Flavor | Version | Tinstall | Tcheck | Ttotal | Status | Flags |
---|---|---|---|---|---|---|
r-devel-linux-x86_64-debian-clang | 4.4 | 2.76 | 23.64 | 26.40 | NOTE | |
r-devel-linux-x86_64-debian-gcc | 4.4 | 1.96 | 18.45 | 20.41 | NOTE | |
r-devel-linux-x86_64-fedora-clang | 4.4 | 32.34 | NOTE | |||
r-devel-linux-x86_64-fedora-gcc | 4.4 | 36.02 | NOTE | |||
r-devel-windows-x86_64 | 4.4 | 3.00 | 42.00 | 45.00 | NOTE | |
r-patched-linux-x86_64 | 4.4 | 2.81 | 22.32 | 25.13 | NOTE | |
r-release-linux-x86_64 | 4.4 | 1.85 | 22.80 | 24.65 | NOTE | |
r-release-macos-arm64 | 4.4 | 18.00 | NOTE | |||
r-release-windows-x86_64 | 4.4 | 3.00 | 41.00 | 44.00 | NOTE | |
r-oldrel-macos-arm64 | 4.4 | 18.00 | OK | |||
r-oldrel-macos-x86_64 | 4.4 | 21.00 | OK | |||
r-oldrel-windows-x86_64 | 4.4 | 4.00 | 38.00 | 42.00 | OK |
Version: 4.4
Check: Rd files
Result: NOTE
checkRd: (-1) PMCMR-deprecated.Rd:36: Lost braces in \itemize; \value handles \item{}{} directly
checkRd: (-1) PMCMR-deprecated.Rd:37: Lost braces in \itemize; \value handles \item{}{} directly
checkRd: (-1) PMCMR-deprecated.Rd:38: Lost braces in \itemize; \value handles \item{}{} directly
checkRd: (-1) PMCMR-deprecated.Rd:39-40: Lost braces in \itemize; \value handles \item{}{} directly
checkRd: (-1) PMCMR-deprecated.Rd:41: Lost braces in \itemize; \value handles \item{}{} directly
Flavors: r-devel-linux-x86_64-debian-clang, r-devel-linux-x86_64-debian-gcc, r-devel-linux-x86_64-fedora-clang, r-devel-linux-x86_64-fedora-gcc, r-devel-windows-x86_64, r-patched-linux-x86_64, r-release-linux-x86_64, r-release-macos-arm64, r-release-windows-x86_64