CRAN Package Check Results for Package PLreg

Last updated on 2025-07-04 20:49:21 CEST.

Flavor Version Tinstall Tcheck Ttotal Status Flags
r-devel-linux-x86_64-debian-clang 0.4.1 5.20 116.13 121.33 NOTE
r-devel-linux-x86_64-debian-gcc 0.4.1 3.59 71.71 75.30 NOTE
r-devel-linux-x86_64-fedora-clang 0.4.1 203.58 OK
r-devel-linux-x86_64-fedora-gcc 0.4.1 187.38 OK
r-devel-windows-x86_64 0.4.1 7.00 161.00 168.00 OK
r-patched-linux-x86_64 0.4.1 5.71 110.72 116.43 OK
r-release-linux-x86_64 0.4.1 5.22 108.67 113.89 OK
r-release-macos-arm64 0.4.1 59.00 OK
r-release-macos-x86_64 0.4.1 122.00 OK
r-release-windows-x86_64 0.4.1 6.00 159.00 165.00 OK
r-oldrel-macos-arm64 0.4.1 55.00 OK
r-oldrel-macos-x86_64 0.4.1 97.00 OK
r-oldrel-windows-x86_64 0.4.1 9.00 206.00 215.00 OK

Check Details

Version: 0.4.1
Check: CRAN incoming feasibility
Result: NOTE Maintainer: ‘Felipe Queiroz <ffelipeq@outlook.com>’ The Description field contains are described in Queiroz and Ferrari (2022) <arXiv:2202.01697>. Please refer to arXiv e-prints via their arXiv DOI <doi:10.48550/arXiv.YYMM.NNNNN>. Flavors: r-devel-linux-x86_64-debian-clang, r-devel-linux-x86_64-debian-gcc