CRAN Package Check Results for Package PCLassoReg

Last updated on 2025-05-22 23:52:22 CEST.

Flavor Version Tinstall Tcheck Ttotal Status Flags
r-devel-linux-x86_64-debian-clang 1.0.0 5.62 95.92 101.54 OK
r-devel-linux-x86_64-debian-gcc 1.0.0 5.06 67.02 72.08 OK
r-devel-linux-x86_64-fedora-clang 1.0.0 169.14 NOTE
r-devel-linux-x86_64-fedora-gcc 1.0.0 170.56 NOTE
r-devel-windows-x86_64 1.0.0 8.00 112.00 120.00 OK
r-patched-linux-x86_64 1.0.0 7.20 91.95 99.15 OK
r-release-linux-x86_64 1.0.0 6.64 92.15 98.79 OK
r-release-macos-arm64 1.0.0 58.00 OK
r-release-macos-x86_64 1.0.0 111.00 OK
r-release-windows-x86_64 1.0.0 8.00 111.00 119.00 OK
r-oldrel-macos-arm64 1.0.0 50.00 OK
r-oldrel-macos-x86_64 1.0.0 82.00 OK
r-oldrel-windows-x86_64 1.0.0 9.00 135.00 144.00 OK

Check Details

Version: 1.0.0
Check: dependencies in R code
Result: NOTE Namespace in Imports field not imported from: ‘survival’ All declared Imports should be used. Flavors: r-devel-linux-x86_64-fedora-clang, r-devel-linux-x86_64-fedora-gcc