Last updated on 2025-05-26 01:49:16 CEST.
Flavor | Version | Tinstall | Tcheck | Ttotal | Status | Flags |
---|---|---|---|---|---|---|
r-devel-linux-x86_64-debian-clang | 0.5.0 | 2.00 | 21.67 | 23.67 | NOTE | |
r-devel-linux-x86_64-debian-gcc | 0.5.0 | 1.72 | 18.01 | 19.73 | NOTE | |
r-devel-linux-x86_64-fedora-clang | 0.5.0 | 39.49 | OK | |||
r-devel-linux-x86_64-fedora-gcc | 0.5.0 | 35.75 | OK | |||
r-devel-windows-x86_64 | 0.5.0 | 3.00 | 48.00 | 51.00 | OK | |
r-patched-linux-x86_64 | 0.5.0 | 2.07 | 20.97 | 23.04 | OK | |
r-release-linux-x86_64 | 0.5.0 | 2.01 | 20.71 | 22.72 | OK | |
r-release-macos-arm64 | 0.5.0 | 17.00 | OK | |||
r-release-macos-x86_64 | 0.5.0 | 27.00 | OK | |||
r-release-windows-x86_64 | 0.5.0 | 3.00 | 49.00 | 52.00 | OK | |
r-oldrel-macos-arm64 | 0.5.0 | 15.00 | OK | |||
r-oldrel-macos-x86_64 | 0.5.0 | 21.00 | OK | |||
r-oldrel-windows-x86_64 | 0.5.0 | 3.00 | 49.00 | 52.00 | OK |
Version: 0.5.0
Check: CRAN incoming feasibility
Result: NOTE
Maintainer: ‘H. Robert Frost <rob.frost@dartmouth.edu>’
No Authors@R field in DESCRIPTION.
Please add one, modifying
Authors@R: person(given = c("H.", "Robert"),
family = "Frost",
role = c("aut", "cre"),
email = "rob.frost@dartmouth.edu")
as necessary.
Flavors: r-devel-linux-x86_64-debian-clang, r-devel-linux-x86_64-debian-gcc