Last updated on 2025-07-04 12:49:07 CEST.
Flavor | Version | Tinstall | Tcheck | Ttotal | Status | Flags |
---|---|---|---|---|---|---|
r-devel-linux-x86_64-debian-clang | 2.2 | 2.33 | 30.26 | 32.59 | NOTE | |
r-devel-linux-x86_64-debian-gcc | 2.2 | 1.71 | 24.14 | 25.85 | NOTE | |
r-devel-linux-x86_64-fedora-clang | 2.2 | 52.25 | OK | |||
r-devel-linux-x86_64-fedora-gcc | 2.2 | 65.19 | OK | |||
r-devel-windows-x86_64 | 2.2 | 3.00 | 55.00 | 58.00 | OK | |
r-patched-linux-x86_64 | 2.2 | 2.35 | 27.52 | 29.87 | OK | |
r-release-linux-x86_64 | 2.2 | 2.16 | 27.10 | 29.26 | OK | |
r-release-macos-arm64 | 2.2 | 25.00 | OK | |||
r-release-macos-x86_64 | 2.2 | 45.00 | OK | |||
r-release-windows-x86_64 | 2.2 | 5.00 | 56.00 | 61.00 | OK | |
r-oldrel-macos-arm64 | 2.2 | 24.00 | OK | |||
r-oldrel-macos-x86_64 | 2.2 | 37.00 | OK | |||
r-oldrel-windows-x86_64 | 2.2 | 6.00 | 61.00 | 67.00 | OK |
Version: 2.2
Check: CRAN incoming feasibility
Result: NOTE
Maintainer: ‘Holger von Jouanne-Diedrich <holger.jouanne-diedrich@h-ab.de>’
No Authors@R field in DESCRIPTION.
Please add one, modifying
Authors@R: person(given = "Holger",
family = "von Jouanne-Diedrich",
role = c("aut", "cre"),
email = "holger.jouanne-diedrich@h-ab.de")
as necessary.
Flavors: r-devel-linux-x86_64-debian-clang, r-devel-linux-x86_64-debian-gcc