Last updated on 2024-05-13 07:50:09 CEST.
Flavor | Version | Tinstall | Tcheck | Ttotal | Status | Flags |
---|---|---|---|---|---|---|
r-devel-linux-x86_64-debian-clang | 2.0 | 1.93 | 19.94 | 21.87 | NOTE | |
r-devel-linux-x86_64-debian-gcc | 2.0 | 1.63 | 15.32 | 16.95 | NOTE | |
r-devel-linux-x86_64-fedora-clang | 2.0 | 27.76 | NOTE | |||
r-devel-linux-x86_64-fedora-gcc | 2.0 | 29.33 | NOTE | |||
r-devel-windows-x86_64 | 2.0 | 2.00 | 34.00 | 36.00 | NOTE | |
r-patched-linux-x86_64 | 2.0 | 1.52 | 18.59 | 20.11 | NOTE | |
r-release-linux-x86_64 | 2.0 | 2.01 | 18.50 | 20.51 | NOTE | |
r-release-macos-arm64 | 2.0 | 13.00 | NOTE | |||
r-release-windows-x86_64 | 2.0 | 2.00 | 34.00 | 36.00 | NOTE | |
r-oldrel-macos-arm64 | 2.0 | 16.00 | NOTE | |||
r-oldrel-macos-x86_64 | 2.0 | 17.00 | NOTE | |||
r-oldrel-windows-x86_64 | 2.0 | 4.00 | 32.00 | 36.00 | NOTE |
Version: 2.0
Check: LazyData
Result: NOTE
'LazyData' is specified without a 'data' directory
Flavors: r-devel-linux-x86_64-debian-clang, r-devel-linux-x86_64-debian-gcc, r-devel-linux-x86_64-fedora-clang, r-devel-linux-x86_64-fedora-gcc, r-devel-windows-x86_64, r-patched-linux-x86_64, r-release-linux-x86_64, r-release-macos-arm64, r-release-windows-x86_64, r-oldrel-macos-arm64, r-oldrel-macos-x86_64, r-oldrel-windows-x86_64