Last updated on 2024-05-04 15:48:07 CEST.
Flavor | Version | Tinstall | Tcheck | Ttotal | Status | Flags |
---|---|---|---|---|---|---|
r-devel-linux-x86_64-debian-clang | 1.0.2 | 0.82 | 2.36 | 3.18 | ERROR | |
r-devel-linux-x86_64-debian-gcc | 1.0.2 | 17.01 | 122.83 | 139.84 | OK | |
r-devel-linux-x86_64-fedora-clang | 1.0.2 | 252.13 | OK | |||
r-devel-linux-x86_64-fedora-gcc | 1.0.2 | 241.58 | OK | |||
r-devel-windows-x86_64 | 1.0.2 | 17.00 | 128.00 | 145.00 | OK | |
r-patched-linux-x86_64 | 1.0.2 | 16.84 | 160.74 | 177.58 | OK | |
r-release-linux-x86_64 | 1.0.2 | 16.29 | 157.30 | 173.59 | OK | |
r-release-macos-arm64 | 1.0.2 | 65.00 | OK | |||
r-release-macos-x86_64 | 1.0.2 | 163.00 | OK | |||
r-release-windows-x86_64 | 1.0.2 | 16.00 | 129.00 | 145.00 | OK | |
r-oldrel-macos-arm64 | 1.0.2 | 67.00 | OK | |||
r-oldrel-macos-x86_64 | 1.0.2 | 126.00 | OK | |||
r-oldrel-windows-x86_64 | 1.0.2 | 16.00 | 160.00 | 176.00 | OK |
Version: 1.0.2
Check: package dependencies
Result: ERROR
Package required but not available: ‘Rsamtools’
See section ‘The DESCRIPTION file’ in the ‘Writing R Extensions’
manual.
Flavor: r-devel-linux-x86_64-debian-clang