Last updated on 2024-05-13 06:52:13 CEST.
Flavor | Version | Tinstall | Tcheck | Ttotal | Status | Flags |
---|---|---|---|---|---|---|
r-devel-linux-x86_64-debian-clang | 0.8.3 | 69.03 | 375.47 | 444.50 | OK | |
r-devel-linux-x86_64-debian-gcc | 0.8.3 | 53.84 | 265.68 | 319.52 | OK | |
r-devel-linux-x86_64-fedora-clang | 0.8.3 | 538.49 | NOTE | |||
r-devel-linux-x86_64-fedora-gcc | 0.8.3 | 689.75 | OK | |||
r-devel-windows-x86_64 | 0.8.3 | 56.00 | 241.00 | 297.00 | NOTE | |
r-patched-linux-x86_64 | 0.8.3 | 63.62 | 352.71 | 416.33 | OK | |
r-release-linux-x86_64 | 0.8.3 | 68.36 | 354.54 | 422.90 | OK | |
r-release-macos-arm64 | 0.8.3 | 129.00 | NOTE | |||
r-release-macos-x86_64 | 0.8.3 | 253.00 | NOTE | |||
r-release-windows-x86_64 | 0.8.3 | 56.00 | 238.00 | 294.00 | NOTE | |
r-oldrel-macos-arm64 | 0.8.3 | 137.00 | NOTE | |||
r-oldrel-macos-x86_64 | 0.8.3 | 273.00 | NOTE | |||
r-oldrel-windows-x86_64 | 0.8.3 | 73.00 | 326.00 | 399.00 | NOTE |
Version: 0.8.3
Check: installed package size
Result: NOTE
installed size is 5.3Mb
sub-directories of 1Mb or more:
doc 2.7Mb
help 2.2Mb
Flavors: r-devel-linux-x86_64-fedora-clang, r-devel-windows-x86_64, r-release-macos-arm64, r-release-macos-x86_64, r-release-windows-x86_64, r-oldrel-macos-arm64, r-oldrel-macos-x86_64, r-oldrel-windows-x86_64